{"id":3651,"date":"2017-05-22T16:15:31","date_gmt":"2017-05-22T19:15:31","guid":{"rendered":"http:\/\/genomic.com.br\/portal\/?page_id=3651"},"modified":"2018-03-07T17:18:43","modified_gmt":"2018-03-07T20:18:43","slug":"nat-2-teste-de-sensibilidade-a-isoniazida","status":"publish","type":"page","link":"https:\/\/genomic.com.br\/portal\/nat-2-teste-de-sensibilidade-a-isoniazida\/","title":{"rendered":"<i> NAT-2<\/i>   &#8211; Teste de Sensibilidade a Isoniazida"},"content":{"rendered":"<p style=\"text-align: justify;\">\u00a0A isoniazida \u00e9 geralmente administrada de forma oral, sendo rapidamente absorvida atrav\u00e9s do trato gastrintestinal. Cerca de 75% a 95% de uma dose de isoniazida s\u00e3o excretados na urina em 24 horas, principalmente na forma de metab\u00f3litos. A biotransforma\u00e7\u00e3o \u00e9 hep\u00e1tica, por acetila\u00e7\u00e3o, sendo a N-acetiltransferase 2 a principal enzima respons\u00e1vel pelo metabolismo e inativa\u00e7\u00e3o da isoniazida no organismo humano.<\/p>\n<p>&nbsp;<\/p>\n<p style=\"text-align: justify;\">Muta\u00e7\u00f5es no gene <em>NAT2<\/em> levam a 3 perfis genot\u00edpicos de acetila\u00e7\u00e3o que alteram os n\u00edveis s\u00e9ricos do f\u00e1rmaco: acetiladores lentos, intermedi\u00e1rios e r\u00e1pidos, o que pode alterar o desfecho terap\u00eautico. Os indiv\u00edduos que apresentam uma acetila\u00e7\u00e3o lenta acumulam intermedi\u00e1rios hepatot\u00f3xicos levando a ocorr\u00eancia de rea\u00e7\u00f5es adversas \u00e0 droga e falha terap\u00eautica. A preval\u00eancia de acetiladores lentos varia de 10-20% entre japoneses, 50-60% entre caucasianos e 90% entre a popula\u00e7\u00e3o do norte da \u00c1frica.<\/p>\n<p>&nbsp;<\/p>\n<p style=\"text-align: justify;\"><span style=\"color: #800000;\"><strong>Metodologia:<\/strong><\/span><\/p>\n<p style=\"text-align: justify;\">Isolamento do DNA gen\u00f4mico de leuc\u00f3citos. Amplifica\u00e7\u00e3o por PCR e minisequenciamento da regi\u00e3o amplificada do gene <em>NAT-2<\/em> (sete variantes s\u00e3o analisados).<\/p>\n<p style=\"text-align: justify;\"><span style=\"color: #800000;\"><br \/>\n<strong>Coleta:<\/strong><\/span><\/p>\n<p style=\"text-align: justify;\">Para realizar o exame \u00e9 necess\u00e1ria a coleta de sangue perif\u00e9rico.<\/p>\n<p style=\"text-align: justify;\"><span style=\"color: #800000;\"><br \/>\n<strong>Prazos:<\/strong><\/span><\/p>\n<p style=\"text-align: justify;\">Os resultados s\u00e3o enviados em 15 dias \u00fateis, contados a partir da data do recebimento do material.<\/p>\n<p>&nbsp;<\/p>\n<p style=\"text-align: justify;\">Para maiores informa\u00e7\u00f5es e valores\u00a0entre em <a href=\"https:\/\/genomic.com.br\/portal\/contato\/\">contato<\/a> com a Genomic.<\/p>\n","protected":false},"excerpt":{"rendered":"<p>\u00a0A isoniazida \u00e9 geralmente administrada de forma oral, sendo rapidamente absorvida atrav\u00e9s do trato gastrintestinal. Cerca de 75% a 95% de uma dose de isoniazida s\u00e3o excretados na urina em 24 horas, principalmente na forma de metab\u00f3litos. A biotransforma\u00e7\u00e3o \u00e9 hep\u00e1tica, por acetila\u00e7\u00e3o, sendo a N-acetiltransferase 2 a principal enzima respons\u00e1vel pelo metabolismo e inativa\u00e7\u00e3o &#8230; <a title=\" NAT-2   &#8211; Teste de Sensibilidade a Isoniazida\" class=\"read-more\" href=\"https:\/\/genomic.com.br\/portal\/nat-2-teste-de-sensibilidade-a-isoniazida\/\" aria-label=\"More on  NAT-2   &#8211; Teste de Sensibilidade a Isoniazida\">Ler mais<\/a><\/p>\n","protected":false},"author":3,"featured_media":0,"parent":0,"menu_order":0,"comment_status":"closed","ping_status":"closed","template":"","meta":{"footnotes":""},"class_list":["post-3651","page","type-page","status-publish"],"_links":{"self":[{"href":"https:\/\/genomic.com.br\/portal\/wp-json\/wp\/v2\/pages\/3651","targetHints":{"allow":["GET"]}}],"collection":[{"href":"https:\/\/genomic.com.br\/portal\/wp-json\/wp\/v2\/pages"}],"about":[{"href":"https:\/\/genomic.com.br\/portal\/wp-json\/wp\/v2\/types\/page"}],"author":[{"embeddable":true,"href":"https:\/\/genomic.com.br\/portal\/wp-json\/wp\/v2\/users\/3"}],"replies":[{"embeddable":true,"href":"https:\/\/genomic.com.br\/portal\/wp-json\/wp\/v2\/comments?post=3651"}],"version-history":[{"count":5,"href":"https:\/\/genomic.com.br\/portal\/wp-json\/wp\/v2\/pages\/3651\/revisions"}],"predecessor-version":[{"id":3654,"href":"https:\/\/genomic.com.br\/portal\/wp-json\/wp\/v2\/pages\/3651\/revisions\/3654"}],"wp:attachment":[{"href":"https:\/\/genomic.com.br\/portal\/wp-json\/wp\/v2\/media?parent=3651"}],"curies":[{"name":"wp","href":"https:\/\/api.w.org\/{rel}","templated":true}]}}