{"id":3437,"date":"2016-10-20T16:42:17","date_gmt":"2016-10-20T19:42:17","guid":{"rendered":"http:\/\/genomic.com.br\/portal\/?page_id=3437"},"modified":"2018-08-20T18:38:19","modified_gmt":"2018-08-20T21:38:19","slug":"genomic-na-midia-2","status":"publish","type":"page","link":"https:\/\/genomic.com.br\/portal\/genomic-na-midia-2\/","title":{"rendered":"Genomic na Midia"},"content":{"rendered":"<p>[vc_row][vc_column][vc_column_text]<\/p>\n<h5><b>M\u00e9todo n\u00e3o invasivo determina paternidade ainda durante a gesta\u00e7\u00e3o.<\/b><\/h5>\n<p><iframe src=\"http:\/\/paineira.usp.br\/aun\/index.php\/2018\/08\/03\/metodo-nao-invasivo-determina-paternidade-ainda-durante-a-gestacao\" width=\"560\" height=\"315\" frameborder=\"0\" allowfullscreen=\"allowfullscreen\"><\/iframe>[\/vc_column_text][\/vc_column][vc_column][\/vc_column][\/vc_row][vc_row][vc_column][vc_column_text]<\/p>\n<h5><b>Programa do Ratinho (14\/09\/16) &#8211; Final feliz da novela da vida real. Troca na maternidade.<\/b><\/h5>\n<p><iframe src=\"https:\/\/www.youtube.com\/embed\/Mmi5_w4TH2w\" width=\"560\" height=\"315\" frameborder=\"0\" allowfullscreen=\"allowfullscreen\"><\/iframe><\/p>\n<p>&nbsp;<\/p>\n<h5><b>Ronaldo Fen\u00f4meno reconhece paternidade de Alexandre Umezu &#8211; Domingo Espetacular.<\/b><\/h5>\n<p><iframe src=\"https:\/\/www.youtube.com\/embed\/1lOvsfCvGFo?list=FL60yBmsecb6ELEpplUVOlOg\" width=\"560\" height=\"315\" frameborder=\"0\" allowfullscreen=\"allowfullscreen\"><\/iframe><\/p>\n<p>&nbsp;<\/p>\n<h5><b>TVSD\u00a0 -Sequestro de Wellington Camargo &#8211; Mat\u00e9ria 01.<\/b><\/h5>\n<p><iframe src=\"https:\/\/www.youtube.com\/embed\/zQKbGkjehw0\" width=\"560\" height=\"315\" frameborder=\"0\" allowfullscreen=\"allowfullscreen\"><\/iframe><\/p>\n<p>&nbsp;<\/p>\n<h5><b>Domingo Espetacular &#8211; Fim do mist\u00e9rio &#8211; Identidade de Jack, o Estripador teria sido descoberta.<\/b><\/h5>\n<p><iframe src=\"https:\/\/www.youtube.com\/embed\/6i0EakWiF70\" width=\"560\" height=\"315\" frameborder=\"0\" allowfullscreen=\"allowfullscreen\"><\/iframe>[\/vc_column_text][\/vc_column][\/vc_row]<\/p>\n","protected":false},"excerpt":{"rendered":"<p>[vc_row][vc_column][vc_column_text] M\u00e9todo n\u00e3o invasivo determina paternidade ainda durante a gesta\u00e7\u00e3o. [\/vc_column_text][\/vc_column][vc_column][\/vc_column][\/vc_row][vc_row][vc_column][vc_column_text] Programa do Ratinho (14\/09\/16) &#8211; Final feliz da novela da vida real. Troca na maternidade. &nbsp; Ronaldo Fen\u00f4meno reconhece paternidade de Alexandre Umezu &#8211; Domingo Espetacular. &nbsp; TVSD\u00a0 -Sequestro de Wellington Camargo &#8211; Mat\u00e9ria 01. &nbsp; Domingo Espetacular &#8211; Fim do mist\u00e9rio &#8211; Identidade &#8230; <a title=\"Genomic na Midia\" class=\"read-more\" href=\"https:\/\/genomic.com.br\/portal\/genomic-na-midia-2\/\" aria-label=\"More on Genomic na Midia\">Ler mais<\/a><\/p>\n","protected":false},"author":3,"featured_media":0,"parent":0,"menu_order":0,"comment_status":"closed","ping_status":"closed","template":"","meta":{"footnotes":""},"class_list":["post-3437","page","type-page","status-publish"],"_links":{"self":[{"href":"https:\/\/genomic.com.br\/portal\/wp-json\/wp\/v2\/pages\/3437","targetHints":{"allow":["GET"]}}],"collection":[{"href":"https:\/\/genomic.com.br\/portal\/wp-json\/wp\/v2\/pages"}],"about":[{"href":"https:\/\/genomic.com.br\/portal\/wp-json\/wp\/v2\/types\/page"}],"author":[{"embeddable":true,"href":"https:\/\/genomic.com.br\/portal\/wp-json\/wp\/v2\/users\/3"}],"replies":[{"embeddable":true,"href":"https:\/\/genomic.com.br\/portal\/wp-json\/wp\/v2\/comments?post=3437"}],"version-history":[{"count":22,"href":"https:\/\/genomic.com.br\/portal\/wp-json\/wp\/v2\/pages\/3437\/revisions"}],"predecessor-version":[{"id":4074,"href":"https:\/\/genomic.com.br\/portal\/wp-json\/wp\/v2\/pages\/3437\/revisions\/4074"}],"wp:attachment":[{"href":"https:\/\/genomic.com.br\/portal\/wp-json\/wp\/v2\/media?parent=3437"}],"curies":[{"name":"wp","href":"https:\/\/api.w.org\/{rel}","templated":true}]}}