{"id":3095,"date":"2016-03-10T12:41:42","date_gmt":"2016-03-10T15:41:42","guid":{"rendered":"http:\/\/genomic.com.br\/portal\/?page_id=3095"},"modified":"2020-10-19T10:09:54","modified_gmt":"2020-10-19T13:09:54","slug":"em-manutencao","status":"publish","type":"page","link":"https:\/\/genomic.com.br\/portal\/em-manutencao\/","title":{"rendered":"Em Manuten\u00e7\u00e3o"},"content":{"rendered":"\n<p>P\u00e1gina em Menuten\u00e7\u00e3o<\/p>\n","protected":false},"excerpt":{"rendered":"<p>P\u00e1gina em Menuten\u00e7\u00e3o<\/p>\n","protected":false},"author":2,"featured_media":0,"parent":0,"menu_order":0,"comment_status":"closed","ping_status":"closed","template":"","meta":{"footnotes":""},"class_list":["post-3095","page","type-page","status-publish"],"_links":{"self":[{"href":"https:\/\/genomic.com.br\/portal\/wp-json\/wp\/v2\/pages\/3095","targetHints":{"allow":["GET"]}}],"collection":[{"href":"https:\/\/genomic.com.br\/portal\/wp-json\/wp\/v2\/pages"}],"about":[{"href":"https:\/\/genomic.com.br\/portal\/wp-json\/wp\/v2\/types\/page"}],"author":[{"embeddable":true,"href":"https:\/\/genomic.com.br\/portal\/wp-json\/wp\/v2\/users\/2"}],"replies":[{"embeddable":true,"href":"https:\/\/genomic.com.br\/portal\/wp-json\/wp\/v2\/comments?post=3095"}],"version-history":[{"count":2,"href":"https:\/\/genomic.com.br\/portal\/wp-json\/wp\/v2\/pages\/3095\/revisions"}],"predecessor-version":[{"id":4357,"href":"https:\/\/genomic.com.br\/portal\/wp-json\/wp\/v2\/pages\/3095\/revisions\/4357"}],"wp:attachment":[{"href":"https:\/\/genomic.com.br\/portal\/wp-json\/wp\/v2\/media?parent=3095"}],"curies":[{"name":"wp","href":"https:\/\/api.w.org\/{rel}","templated":true}]}}