{"id":3067,"date":"2016-03-09T17:24:15","date_gmt":"2016-03-09T20:24:15","guid":{"rendered":"http:\/\/genomic.com.br\/portal\/?page_id=3067"},"modified":"2016-12-20T10:22:02","modified_gmt":"2016-12-20T13:22:02","slug":"gemplex-cgg","status":"publish","type":"page","link":"https:\/\/genomic.com.br\/portal\/gemplex-cgg\/","title":{"rendered":"GEMPLEX CGG"},"content":{"rendered":"<h4>GEMPLEX CGG &#8211; Determina\u00e7\u00e3o do numero de repeti\u00e7\u00f5es CGG da regi\u00e3o 5&#8242; n\u00e3o traduzida do gene FMR1 (Fragile X Mental Retardation I)<\/h4>\n<p>&nbsp;<\/p>\n<p>Fa\u00e7a<a href=\"\/wp-content\/uploads\/2016\/12\/GEMPLEX_CGG_atual-12-2016.pdf\" target=\"_blank\"> aqui <\/a>o download\u00a0do manual.<\/p>\n<p>&nbsp;<\/p>\n<p>A GENOMIC oferece um ensaio molecular que precisamente quantifica o n\u00famero de repeti\u00e7\u00f5es CGG (at\u00e9 200) no gene <em>FMR1<\/em>\u00a0em\u00a0mulheres\u00a0\u00a0 e\u00a0\u00a0 homens e que permite definir a posi\u00e7\u00e3o de cada repeti\u00e7\u00e3o AGG nos dois genes anormais de paciente femininos. O ensaio \u00e9\u00a0baseado em PCR fluorescente que permite a visualiza\u00e7\u00e3o dos produtos por eletroforese capilar. Com aux\u00edlio de um software o n\u00famero de repeti\u00e7\u00f5es \u00e9 determinado frente a uma curva utilizando amostras com o n\u00famero de repeti\u00e7\u00f5es conhecidas que fornece os fatores de corre\u00e7\u00e3o (tamanho e mobilidade) a serem empregados. Devido \u00e0 especificidade do <em>primer<\/em> com rela\u00e7\u00e3o \u00e0s repeti\u00e7\u00f5es CGG, n\u00e3o ocorrer\u00e1 liga\u00e7\u00e3o deste reagente quando ocorrer uma repeti\u00e7\u00e3o AGG, determinando a presen\u00e7a\/posi\u00e7\u00e3o da mesma.<\/p>\n<p>&nbsp;<\/p>\n<p>* Amplifica\u00e7\u00e3o das repeti\u00e7\u00f5es CGG por PCR<\/p>\n<p>&nbsp;<\/p>\n<p>* Sistema completo com todos os reagentes necess\u00e1rios para an\u00e1lise<\/p>\n<p>&nbsp;<\/p>\n<p><img fetchpriority=\"high\" decoding=\"async\" class=\"alignnone wp-image-3065 size-full\" src=\"https:\/\/genomic.com.br\/portal\/wp-content\/uploads\/2016\/03\/figura20120x20fragil.bmp\" alt=\"figura%201%20x%20fragil\" width=\"479\" height=\"422\" srcset=\"https:\/\/genomic.com.br\/portal\/wp-content\/uploads\/2016\/03\/figura20120x20fragil.bmp 479w, https:\/\/genomic.com.br\/portal\/wp-content\/uploads\/2016\/03\/figura20120x20fragil-300x264.bmp 300w, https:\/\/genomic.com.br\/portal\/wp-content\/uploads\/2016\/03\/figura20120x20fragil-166x146.bmp 166w, https:\/\/genomic.com.br\/portal\/wp-content\/uploads\/2016\/03\/figura20120x20fragil-50x44.bmp 50w, https:\/\/genomic.com.br\/portal\/wp-content\/uploads\/2016\/03\/figura20120x20fragil-85x75.bmp 85w\" sizes=\"(max-width: 479px) 100vw, 479px\" \/><\/p>\n<p>* Detec\u00e7\u00e3o dos alelos atrav\u00e9s de eletroforese capilar<\/p>\n<p style=\"text-align: left;\"><img decoding=\"async\" class=\"alignleft size-full wp-image-3491\" src=\"https:\/\/genomic.com.br\/portal\/wp-content\/uploads\/2016\/03\/fraxa1-1.jpg\" alt=\"fraxa1\" width=\"1271\" height=\"491\" srcset=\"https:\/\/genomic.com.br\/portal\/wp-content\/uploads\/2016\/03\/fraxa1-1.jpg 1271w, https:\/\/genomic.com.br\/portal\/wp-content\/uploads\/2016\/03\/fraxa1-1-300x116.jpg 300w, https:\/\/genomic.com.br\/portal\/wp-content\/uploads\/2016\/03\/fraxa1-1-768x297.jpg 768w, https:\/\/genomic.com.br\/portal\/wp-content\/uploads\/2016\/03\/fraxa1-1-1024x396.jpg 1024w, https:\/\/genomic.com.br\/portal\/wp-content\/uploads\/2016\/03\/fraxa1-1-260x100.jpg 260w, https:\/\/genomic.com.br\/portal\/wp-content\/uploads\/2016\/03\/fraxa1-1-50x19.jpg 50w, https:\/\/genomic.com.br\/portal\/wp-content\/uploads\/2016\/03\/fraxa1-1-150x58.jpg 150w\" sizes=\"(max-width: 1271px) 100vw, 1271px\" \/>N: normal;\u00a0\u00a0\u00a0 PM: pr\u00e9-muta\u00e7\u00e3o<\/p>\n<p>&nbsp;<\/p>\n<p>&nbsp;<\/p>\n<p style=\"text-align: left;\">* Identifica\u00e7\u00e3o do n\u00famero exato de repeti\u00e7\u00f5es<\/p>\n<p><strong><img decoding=\"async\" class=\"alignleft size-full wp-image-3493\" src=\"https:\/\/genomic.com.br\/portal\/wp-content\/uploads\/2016\/03\/fraxa21-1.jpg\" alt=\"fraxa21\" width=\"1265\" height=\"495\" srcset=\"https:\/\/genomic.com.br\/portal\/wp-content\/uploads\/2016\/03\/fraxa21-1.jpg 1265w, https:\/\/genomic.com.br\/portal\/wp-content\/uploads\/2016\/03\/fraxa21-1-300x117.jpg 300w, https:\/\/genomic.com.br\/portal\/wp-content\/uploads\/2016\/03\/fraxa21-1-768x301.jpg 768w, https:\/\/genomic.com.br\/portal\/wp-content\/uploads\/2016\/03\/fraxa21-1-1024x401.jpg 1024w, https:\/\/genomic.com.br\/portal\/wp-content\/uploads\/2016\/03\/fraxa21-1-260x102.jpg 260w, https:\/\/genomic.com.br\/portal\/wp-content\/uploads\/2016\/03\/fraxa21-1-50x20.jpg 50w, https:\/\/genomic.com.br\/portal\/wp-content\/uploads\/2016\/03\/fraxa21-1-150x59.jpg 150w\" sizes=\"(max-width: 1265px) 100vw, 1265px\" \/>\u00a0a\u00a0<\/strong>e<strong> b<\/strong>:\u00a0 Trincas AGG presentes nos alelos com 30 e 39 repeti\u00e7\u00f5es CGG<\/p>\n<p>&nbsp;<\/p>\n","protected":false},"excerpt":{"rendered":"<p>GEMPLEX CGG &#8211; Determina\u00e7\u00e3o do numero de repeti\u00e7\u00f5es CGG da regi\u00e3o 5&#8242; n\u00e3o traduzida do gene FMR1 (Fragile X Mental Retardation I) &nbsp; Fa\u00e7a aqui o download\u00a0do manual. &nbsp; A GENOMIC oferece um ensaio molecular que precisamente quantifica o n\u00famero de repeti\u00e7\u00f5es CGG (at\u00e9 200) no gene FMR1\u00a0em\u00a0mulheres\u00a0\u00a0 e\u00a0\u00a0 homens e que permite definir a &#8230; <a title=\"GEMPLEX CGG\" class=\"read-more\" href=\"https:\/\/genomic.com.br\/portal\/gemplex-cgg\/\" aria-label=\"More on GEMPLEX CGG\">Ler mais<\/a><\/p>\n","protected":false},"author":2,"featured_media":0,"parent":0,"menu_order":0,"comment_status":"closed","ping_status":"closed","template":"","meta":{"footnotes":""},"class_list":["post-3067","page","type-page","status-publish"],"_links":{"self":[{"href":"https:\/\/genomic.com.br\/portal\/wp-json\/wp\/v2\/pages\/3067","targetHints":{"allow":["GET"]}}],"collection":[{"href":"https:\/\/genomic.com.br\/portal\/wp-json\/wp\/v2\/pages"}],"about":[{"href":"https:\/\/genomic.com.br\/portal\/wp-json\/wp\/v2\/types\/page"}],"author":[{"embeddable":true,"href":"https:\/\/genomic.com.br\/portal\/wp-json\/wp\/v2\/users\/2"}],"replies":[{"embeddable":true,"href":"https:\/\/genomic.com.br\/portal\/wp-json\/wp\/v2\/comments?post=3067"}],"version-history":[{"count":10,"href":"https:\/\/genomic.com.br\/portal\/wp-json\/wp\/v2\/pages\/3067\/revisions"}],"predecessor-version":[{"id":3497,"href":"https:\/\/genomic.com.br\/portal\/wp-json\/wp\/v2\/pages\/3067\/revisions\/3497"}],"wp:attachment":[{"href":"https:\/\/genomic.com.br\/portal\/wp-json\/wp\/v2\/media?parent=3067"}],"curies":[{"name":"wp","href":"https:\/\/api.w.org\/{rel}","templated":true}]}}