{"id":2957,"date":"2016-03-07T17:05:27","date_gmt":"2016-03-07T20:05:27","guid":{"rendered":"http:\/\/genomic.com.br\/portal\/?page_id=2957"},"modified":"2017-05-15T20:05:13","modified_gmt":"2017-05-15T23:05:13","slug":"doenca-celiaca-e-intolerancia-ao-gluten","status":"publish","type":"page","link":"https:\/\/genomic.com.br\/portal\/doenca-celiaca-e-intolerancia-ao-gluten\/","title":{"rendered":"Doen\u00e7a cel\u00edaca e intoler\u00e2ncia ao gl\u00faten"},"content":{"rendered":"<p style=\"text-align: justify;\">A doen\u00e7a cel\u00edaca (DC) \u00e9 causada por uma intoler\u00e2ncia permanente ao gl\u00faten, prote\u00edna encontrada no trigo, cevada, centeio e em produtos produzidos a partir desses gr\u00e3os. \u00c9 uma doen\u00e7a autoimune em que o gl\u00faten, em indiv\u00edduos geneticamente suscet\u00edveis, provoca uma inflama\u00e7\u00e3o cr\u00f4nica nas vilosidades que revestem o intestino delgado. Com isso, o corpo perde a capacidade de absorver os nutrientes dos alimentos de forma eficaz.<\/p>\n<p>&nbsp;<\/p>\n<p style=\"text-align: justify;\">A predisposi\u00e7\u00e3o \u00e0 DC pode ser avaliada, atualmente, por um exame molecular n\u00e3o invasivo. O teste gen\u00e9tico consiste na detec\u00e7\u00e3o dos alelos HLA (ant\u00edgenos leucocit\u00e1rios humanos) DQ2 e DQ8. Mais de 90% das pessoas com DC t\u00eam a vers\u00e3o de risco DQ2 (95% dos pacientes) ou DQ8 (5% dos pacientes) do HLA em compara\u00e7\u00e3o com apenas de 30% da popula\u00e7\u00e3o geral. A positividade destes marcadores isoladamente, entretanto, n\u00e3o \u00e9 um diagn\u00f3stico que o paciente seja portador de DC. Por\u00e9m, ter um resultado negativo para o HLA-DQ2 e HLA-DQ8 indica que a DC pode ser descartada (valor preditivo negativo de 99,9%).<\/p>\n<p>&nbsp;<\/p>\n<p style=\"text-align: justify;\">A pesquisa destes alelos pode auxiliar nos casos em que os pacientes tenham parentes de 1\u00b0 grau afetados, pacientes portadores de s\u00edndrome de Down e pacientes com doen\u00e7as autoimunes; pacientes que apresentem anticorpos IgA espec\u00edficos negativos e bi\u00f3psia intestinal com achados pr\u00f3ximos da normalidade ap\u00f3s dieta sem gl\u00faten de longa data; pacientes com alta suspeita cl\u00ednica e anticorpos IgA espec\u00edficos negativos, para definir a necessidade de realiza\u00e7\u00e3o de bi\u00f3psia intestinal e pacientes com anticorpos positivos, mas bi\u00f3psia inconclusiva.<\/p>\n<p>&nbsp;<\/p>\n<p style=\"text-align: justify;\">A utilidade cl\u00ednica deste perfil gen\u00e9tico \u00e9 auxiliar o m\u00e9dico ou profissional da sa\u00fade a individualizar o tratamento ap\u00f3s a avalia\u00e7\u00e3o cl\u00ednica e constata\u00e7\u00e3o de suspeita de doen\u00e7a cel\u00edaca (DC).<\/p>\n<p>&nbsp;<br \/>\n<span style=\"color: #800000;\"><br \/>\n<strong>Metodologia:<\/strong> <\/span><\/p>\n<p>Isolamento do DNA gen\u00f4mico de leuc\u00f3citos. Amplifica\u00e7\u00e3o por PCR e minisequenciamento dos tag-SNPs associados aos alelos HLA classe II que correspondem aos hapl\u00f3tipos DQ2 (DQ2.2 e DQ2.5), DQ7 e DQ8 (seis variantes s\u00e3o analisados).<\/p>\n<p>&nbsp;<\/p>\n<p><span style=\"color: #800000;\"><strong>Coleta: <\/strong><\/span><\/p>\n<p>Para realizar o exame \u00e9 necess\u00e1ria a coleta de sangue perif\u00e9rico ou de saliva em coletor especial (deve ser requisitado \u00e0 Genomic).<\/p>\n<p>&nbsp;<\/p>\n<p><span style=\"color: #800000;\"><strong>Prazos: <\/strong><\/span><\/p>\n<p style=\"text-align: justify;\">Os resultados s\u00e3o enviados em 15 dias \u00fateis, contados a partir da data do recebimento do material.<\/p>\n<p>&nbsp;<\/p>\n<p style=\"text-align: justify;\"><i class=\"icon-phone\"><\/i> Para maiores informa\u00e7\u00f5es e valores\u00a0entre em <a href=\"https:\/\/genomic.com.br\/portal\/contato\/\">contato<\/a> com a Genomic.<\/p>\n<p>&nbsp;<\/p>\n","protected":false},"excerpt":{"rendered":"<p>A doen\u00e7a cel\u00edaca (DC) \u00e9 causada por uma intoler\u00e2ncia permanente ao gl\u00faten, prote\u00edna encontrada no trigo, cevada, centeio e em produtos produzidos a partir desses gr\u00e3os. \u00c9 uma doen\u00e7a autoimune em que o gl\u00faten, em indiv\u00edduos geneticamente suscet\u00edveis, provoca uma inflama\u00e7\u00e3o cr\u00f4nica nas vilosidades que revestem o intestino delgado. Com isso, o corpo perde a &#8230; <a title=\"Doen\u00e7a cel\u00edaca e intoler\u00e2ncia ao gl\u00faten\" class=\"read-more\" href=\"https:\/\/genomic.com.br\/portal\/doenca-celiaca-e-intolerancia-ao-gluten\/\" aria-label=\"More on Doen\u00e7a cel\u00edaca e intoler\u00e2ncia ao gl\u00faten\">Ler mais<\/a><\/p>\n","protected":false},"author":2,"featured_media":0,"parent":0,"menu_order":0,"comment_status":"closed","ping_status":"closed","template":"","meta":{"footnotes":""},"class_list":["post-2957","page","type-page","status-publish"],"_links":{"self":[{"href":"https:\/\/genomic.com.br\/portal\/wp-json\/wp\/v2\/pages\/2957","targetHints":{"allow":["GET"]}}],"collection":[{"href":"https:\/\/genomic.com.br\/portal\/wp-json\/wp\/v2\/pages"}],"about":[{"href":"https:\/\/genomic.com.br\/portal\/wp-json\/wp\/v2\/types\/page"}],"author":[{"embeddable":true,"href":"https:\/\/genomic.com.br\/portal\/wp-json\/wp\/v2\/users\/2"}],"replies":[{"embeddable":true,"href":"https:\/\/genomic.com.br\/portal\/wp-json\/wp\/v2\/comments?post=2957"}],"version-history":[{"count":9,"href":"https:\/\/genomic.com.br\/portal\/wp-json\/wp\/v2\/pages\/2957\/revisions"}],"predecessor-version":[{"id":3632,"href":"https:\/\/genomic.com.br\/portal\/wp-json\/wp\/v2\/pages\/2957\/revisions\/3632"}],"wp:attachment":[{"href":"https:\/\/genomic.com.br\/portal\/wp-json\/wp\/v2\/media?parent=2957"}],"curies":[{"name":"wp","href":"https:\/\/api.w.org\/{rel}","templated":true}]}}