{"id":2950,"date":"2016-03-07T16:11:22","date_gmt":"2016-03-07T19:11:22","guid":{"rendered":"http:\/\/genomic.com.br\/portal\/?page_id=2950"},"modified":"2016-03-07T16:11:22","modified_gmt":"2016-03-07T19:11:22","slug":"missao-visao-e-valores","status":"publish","type":"page","link":"https:\/\/genomic.com.br\/portal\/missao-visao-e-valores\/","title":{"rendered":"Miss\u00e3o, vis\u00e3o e valores"},"content":{"rendered":"<p>A Genomic sabe que para manter a excel\u00eancia em gen\u00e9tica humana, deve firmar-se em valores s\u00f3lidos. Desta forma, estipulamos miss\u00f5es, metas e valores que\u00a0 definem nossas cren\u00e7as fundamentais e que personificam quem somos, refletindo o car\u00e1ter duradouro da Genomic e de seus colaboradores, orientando assim nosso c\u00f3digo de conduta.<\/p>\n<p>&nbsp;<\/p>\n<p><span style=\"color: #800000;\"><strong>Miss\u00e3o:\u00a0<\/strong><\/span>Oferecer aos nossos clientes\u00a0a maior\u00a0<em>expertise<\/em> em\u00a0gen\u00e9tica humana\u00a0e atend\u00ea-los com excel\u00eancia e qualidade, sendo l\u00edder de mercado em nosso segmento, com o aux\u00edlio da melhor equipe. Fazer de cada profissional da empresa, o melhor profissional do mercado e manter um ambiente de trabalho onde todos os colaboradores estejam predominantemente satisfeitos.<\/p>\n<p>&nbsp;<\/p>\n<p><span style=\"color: #800000;\"><strong>Vis\u00e3o<\/strong>:<\/span> Estar atenta \u00e0s constantes evolu\u00e7\u00f5es da gen\u00e9tica humana\u00a0e possibilidades de novas descobertas, estando sempre \u00e0 frente das necessidades de nossos clientes. Ser comprometida na gera\u00e7\u00e3o de valor aos clientes, colaboradores e parceiros.<\/p>\n<p>&nbsp;<\/p>\n<p><span style=\"color: #800000;\"><strong>Valores<\/strong>:<\/span> Usar a \u00e9tica profissional como padr\u00e3o b\u00e1sico de comportamento, respeitando acordos, compromissos, princ\u00edpios, normas internas e pol\u00edticas definidas pela empresa. Trabalhar com honestidade, profissionalismo, idoneidade\u00a0e entusiasmo construindo e mantendo rela\u00e7\u00f5es de confian\u00e7a, de lealdade e transpar\u00eancia com os clientes, colaboradores e parceiros, garantindo que nossa conduta reflita os mais altos padr\u00f5es de \u00e9tica. Estimular o cont\u00ednuo crescimento profissional baseado no m\u00e9rito dos colaboradores, visando a melhoria da qualidade de vida a todos. Oferecer aos nossos clientes um alto padr\u00e3o de qualidade em todos os servi\u00e7os prestados e total comprometimento com a excel\u00eancia em gen\u00e9tica humana. Ter como compromisso tamb\u00e9m a busca pelo cont\u00ednuo aprimoramento profissional dos colaboradores, investindo constantemente na melhoria dos servi\u00e7os.<\/p>\n<p>&nbsp;<\/p>\n<p><span style=\"color: #800000;\"><strong>Isto \u00e9 Genomic!<\/strong><\/span><\/p>\n","protected":false},"excerpt":{"rendered":"<p>A Genomic sabe que para manter a excel\u00eancia em gen\u00e9tica humana, deve firmar-se em valores s\u00f3lidos. Desta forma, estipulamos miss\u00f5es, metas e valores que\u00a0 definem nossas cren\u00e7as fundamentais e que personificam quem somos, refletindo o car\u00e1ter duradouro da Genomic e de seus colaboradores, orientando assim nosso c\u00f3digo de conduta. &nbsp; Miss\u00e3o:\u00a0Oferecer aos nossos clientes\u00a0a maior\u00a0expertise &#8230; <a title=\"Miss\u00e3o, vis\u00e3o e valores\" class=\"read-more\" href=\"https:\/\/genomic.com.br\/portal\/missao-visao-e-valores\/\" aria-label=\"More on Miss\u00e3o, vis\u00e3o e valores\">Ler mais<\/a><\/p>\n","protected":false},"author":2,"featured_media":0,"parent":0,"menu_order":0,"comment_status":"closed","ping_status":"closed","template":"","meta":{"footnotes":""},"class_list":["post-2950","page","type-page","status-publish"],"_links":{"self":[{"href":"https:\/\/genomic.com.br\/portal\/wp-json\/wp\/v2\/pages\/2950","targetHints":{"allow":["GET"]}}],"collection":[{"href":"https:\/\/genomic.com.br\/portal\/wp-json\/wp\/v2\/pages"}],"about":[{"href":"https:\/\/genomic.com.br\/portal\/wp-json\/wp\/v2\/types\/page"}],"author":[{"embeddable":true,"href":"https:\/\/genomic.com.br\/portal\/wp-json\/wp\/v2\/users\/2"}],"replies":[{"embeddable":true,"href":"https:\/\/genomic.com.br\/portal\/wp-json\/wp\/v2\/comments?post=2950"}],"version-history":[{"count":1,"href":"https:\/\/genomic.com.br\/portal\/wp-json\/wp\/v2\/pages\/2950\/revisions"}],"predecessor-version":[{"id":2951,"href":"https:\/\/genomic.com.br\/portal\/wp-json\/wp\/v2\/pages\/2950\/revisions\/2951"}],"wp:attachment":[{"href":"https:\/\/genomic.com.br\/portal\/wp-json\/wp\/v2\/media?parent=2950"}],"curies":[{"name":"wp","href":"https:\/\/api.w.org\/{rel}","templated":true}]}}