{"id":2935,"date":"2016-03-07T15:14:10","date_gmt":"2016-03-07T18:14:10","guid":{"rendered":"http:\/\/genomic.com.br\/portal\/?page_id=2935"},"modified":"2016-03-07T15:24:40","modified_gmt":"2016-03-07T18:24:40","slug":"clonagem","status":"publish","type":"page","link":"https:\/\/genomic.com.br\/portal\/clonagem\/","title":{"rendered":"Clonagem"},"content":{"rendered":"<p>Clonagem molecular \u00e9 o processo no qual um fragmento de DNA \u00e9 inserido em um plasm\u00eddeo capaz de se replicar em um sistema bacteriano.<\/p>\n<p>&nbsp;<\/p>\n<p>A inten\u00e7\u00e3o do procedimento \u00e9 tornar poss\u00edvel a expans\u00e3o do material de interesse a partir de culturas celulares e posteriormente extra\u00ed-lo em sistemas de purifica\u00e7\u00e3o com colunas de s\u00edlica.<\/p>\n<p>&nbsp;<\/p>\n<p>A Genomic oferece o servi\u00e7o de clonagem de fragmentos de DNA em diferentes tipos de vetores. Temos um estoque de plasm\u00eddeos de clonagem, al\u00e9m de plasm\u00eddeos para express\u00e3o de prote\u00ednas recombinantes em bact\u00e9rias, leveduras e c\u00e9lulas de mam\u00edferos.<\/p>\n<p>&nbsp;<\/p>\n<p>[icon type=&#8221;icon-phone&#8221;] Para maiores informa\u00e7\u00f5es e valores entre em <a href=\"\/contato\/\">contato <\/a>com a Genomic.<\/p>\n","protected":false},"excerpt":{"rendered":"<p>Clonagem molecular \u00e9 o processo no qual um fragmento de DNA \u00e9 inserido em um plasm\u00eddeo capaz de se replicar em um sistema bacteriano. &nbsp; A inten\u00e7\u00e3o do procedimento \u00e9 tornar poss\u00edvel a expans\u00e3o do material de interesse a partir de culturas celulares e posteriormente extra\u00ed-lo em sistemas de purifica\u00e7\u00e3o com colunas de s\u00edlica. &nbsp; &#8230; <a title=\"Clonagem\" class=\"read-more\" href=\"https:\/\/genomic.com.br\/portal\/clonagem\/\" aria-label=\"More on Clonagem\">Ler mais<\/a><\/p>\n","protected":false},"author":2,"featured_media":0,"parent":0,"menu_order":0,"comment_status":"closed","ping_status":"closed","template":"","meta":{"footnotes":""},"class_list":["post-2935","page","type-page","status-publish"],"_links":{"self":[{"href":"https:\/\/genomic.com.br\/portal\/wp-json\/wp\/v2\/pages\/2935","targetHints":{"allow":["GET"]}}],"collection":[{"href":"https:\/\/genomic.com.br\/portal\/wp-json\/wp\/v2\/pages"}],"about":[{"href":"https:\/\/genomic.com.br\/portal\/wp-json\/wp\/v2\/types\/page"}],"author":[{"embeddable":true,"href":"https:\/\/genomic.com.br\/portal\/wp-json\/wp\/v2\/users\/2"}],"replies":[{"embeddable":true,"href":"https:\/\/genomic.com.br\/portal\/wp-json\/wp\/v2\/comments?post=2935"}],"version-history":[{"count":2,"href":"https:\/\/genomic.com.br\/portal\/wp-json\/wp\/v2\/pages\/2935\/revisions"}],"predecessor-version":[{"id":2937,"href":"https:\/\/genomic.com.br\/portal\/wp-json\/wp\/v2\/pages\/2935\/revisions\/2937"}],"wp:attachment":[{"href":"https:\/\/genomic.com.br\/portal\/wp-json\/wp\/v2\/media?parent=2935"}],"curies":[{"name":"wp","href":"https:\/\/api.w.org\/{rel}","templated":true}]}}