{"id":2933,"date":"2016-03-07T15:10:42","date_gmt":"2016-03-07T18:10:42","guid":{"rendered":"http:\/\/genomic.com.br\/portal\/?page_id=2933"},"modified":"2016-03-07T15:10:42","modified_gmt":"2016-03-07T18:10:42","slug":"perfil-genetico","status":"publish","type":"page","link":"https:\/\/genomic.com.br\/portal\/perfil-genetico\/","title":{"rendered":"Perfil Gen\u00e9tico"},"content":{"rendered":"<p>Normalmente o perfil gen\u00e9tico \u00e9 solicitado para criar a <strong>identidade<\/strong> <strong>gen\u00e9tica<\/strong> do indiv\u00edduo. Essa identidade pode evitar\u00a0 futuros constrangimentos ou\u00a0ajudar a solucionar casos com mais rapidez.<\/p>\n<p>&nbsp;<\/p>\n<p>A identidade gen\u00e9tica pode ser utilizada para posterior an\u00e1lise de paternidade (evitando uma poss\u00edvel exuma\u00e7\u00e3o), identifica\u00e7\u00e3o individual em casos de desaparecimentos ou acidente em massa.<\/p>\n<p>&nbsp;<\/p>\n<p>Esse tipo de pericia tamb\u00e9m pode ser realizada para confirmar se o DNA extra\u00eddo em um outro laborat\u00f3rio \u00e9 mesmo de determinado individuo, solicitado quando h\u00e1 suspeita de uma poss\u00edvel troca de material ap\u00f3s a coleta.<\/p>\n<p>&nbsp;<\/p>\n<p>O perfil gen\u00e9tico dos beb\u00eas pode ser realizado logo ap\u00f3s o nascimento e possibilita ter a identifica\u00e7\u00e3o da crian\u00e7a, uma forte ferramenta em\u00a0casos de\u00a0troca na maternidade, futura necessidade em sequestros, desaparecimentos ou em casos de ado\u00e7\u00e3o.<\/p>\n<p>&nbsp;<\/p>\n<p>Para essa identidade a Genomic pode analisar at\u00e9\u00a026 locos (partes do DNA), mais 16 locos dos cromossomos X e Y,\u00a0tornando esse tipo de mapeamento ainda mais segura.<\/p>\n<p>&nbsp;<\/p>\n<p>[icon type=&#8221;icon-phone&#8221;] Para maiores informa\u00e7\u00f5es e valores entre em <a href=\"\/contato\/\">contato<\/a> com a Genomic<\/p>\n","protected":false},"excerpt":{"rendered":"<p>Normalmente o perfil gen\u00e9tico \u00e9 solicitado para criar a identidade gen\u00e9tica do indiv\u00edduo. Essa identidade pode evitar\u00a0 futuros constrangimentos ou\u00a0ajudar a solucionar casos com mais rapidez. &nbsp; A identidade gen\u00e9tica pode ser utilizada para posterior an\u00e1lise de paternidade (evitando uma poss\u00edvel exuma\u00e7\u00e3o), identifica\u00e7\u00e3o individual em casos de desaparecimentos ou acidente em massa. &nbsp; Esse tipo &#8230; <a title=\"Perfil Gen\u00e9tico\" class=\"read-more\" href=\"https:\/\/genomic.com.br\/portal\/perfil-genetico\/\" aria-label=\"More on Perfil Gen\u00e9tico\">Ler mais<\/a><\/p>\n","protected":false},"author":2,"featured_media":0,"parent":0,"menu_order":0,"comment_status":"closed","ping_status":"closed","template":"","meta":{"footnotes":""},"class_list":["post-2933","page","type-page","status-publish"],"_links":{"self":[{"href":"https:\/\/genomic.com.br\/portal\/wp-json\/wp\/v2\/pages\/2933","targetHints":{"allow":["GET"]}}],"collection":[{"href":"https:\/\/genomic.com.br\/portal\/wp-json\/wp\/v2\/pages"}],"about":[{"href":"https:\/\/genomic.com.br\/portal\/wp-json\/wp\/v2\/types\/page"}],"author":[{"embeddable":true,"href":"https:\/\/genomic.com.br\/portal\/wp-json\/wp\/v2\/users\/2"}],"replies":[{"embeddable":true,"href":"https:\/\/genomic.com.br\/portal\/wp-json\/wp\/v2\/comments?post=2933"}],"version-history":[{"count":1,"href":"https:\/\/genomic.com.br\/portal\/wp-json\/wp\/v2\/pages\/2933\/revisions"}],"predecessor-version":[{"id":2934,"href":"https:\/\/genomic.com.br\/portal\/wp-json\/wp\/v2\/pages\/2933\/revisions\/2934"}],"wp:attachment":[{"href":"https:\/\/genomic.com.br\/portal\/wp-json\/wp\/v2\/media?parent=2933"}],"curies":[{"name":"wp","href":"https:\/\/api.w.org\/{rel}","templated":true}]}}