{"id":2910,"date":"2016-02-29T10:50:15","date_gmt":"2016-02-29T13:50:15","guid":{"rendered":"http:\/\/genomic.com.br\/portal\/?page_id=2910"},"modified":"2019-04-04T10:58:15","modified_gmt":"2019-04-04T13:58:15","slug":"liquido-seminal","status":"publish","type":"page","link":"https:\/\/genomic.com.br\/portal\/liquido-seminal\/","title":{"rendered":"L\u00edquido Seminal"},"content":{"rendered":"<p>Manchas de materiais biol\u00f3gicos como s\u00eamen podem ser analisadas quando encontradas em tecidos como len\u00e7\u00f3is, jeans ou outras pe\u00e7as de roupa.<\/p>\n<p>&nbsp;<\/p>\n<p>O suporte que cont\u00e9m a mancha de material biol\u00f3gico deve ser seco \u00e0 sombra e guardado em temperatura ambiente.<\/p>\n<p>&nbsp;<\/p>\n<p>\u00c9 importante que a amostra seja colocada em um saco de papel, como um envelope. Inclusive em casos de estupro onde houver suspeita de s\u00eamen na roupa da vitima, a pe\u00e7a deve ser conservada seca, n\u00e3o devendo ser colocada em geladeira.<\/p>\n<p>&nbsp;<\/p>\n<p>As amostras devem ser enviadas ao laborat\u00f3rio em temperatura ambiente.<\/p>\n<p>&nbsp;<\/p>\n<p>O prazo de entrega do laudo ser\u00e1 de 20 (vinte) dias \u00fateis, contados \u00e0 partir da data do recebimento do material.<\/p>\n<p>&nbsp;<\/p>\n<p>[icon type=&#8221;icon-phone&#8221;] Para maiores informa\u00e7\u00f5es e valores\u00a0entre em <a href=\"\/contato\/\">contato<\/a> com a Genomic.<\/p>\n","protected":false},"excerpt":{"rendered":"<p>Manchas de materiais biol\u00f3gicos como s\u00eamen podem ser analisadas quando encontradas em tecidos como len\u00e7\u00f3is, jeans ou outras pe\u00e7as de roupa. &nbsp; O suporte que cont\u00e9m a mancha de material biol\u00f3gico deve ser seco \u00e0 sombra e guardado em temperatura ambiente. &nbsp; \u00c9 importante que a amostra seja colocada em um saco de papel, como &#8230; <a title=\"L\u00edquido Seminal\" class=\"read-more\" href=\"https:\/\/genomic.com.br\/portal\/liquido-seminal\/\" aria-label=\"More on L\u00edquido Seminal\">Ler mais<\/a><\/p>\n","protected":false},"author":2,"featured_media":0,"parent":0,"menu_order":0,"comment_status":"closed","ping_status":"closed","template":"","meta":{"footnotes":""},"class_list":["post-2910","page","type-page","status-publish"],"_links":{"self":[{"href":"https:\/\/genomic.com.br\/portal\/wp-json\/wp\/v2\/pages\/2910","targetHints":{"allow":["GET"]}}],"collection":[{"href":"https:\/\/genomic.com.br\/portal\/wp-json\/wp\/v2\/pages"}],"about":[{"href":"https:\/\/genomic.com.br\/portal\/wp-json\/wp\/v2\/types\/page"}],"author":[{"embeddable":true,"href":"https:\/\/genomic.com.br\/portal\/wp-json\/wp\/v2\/users\/2"}],"replies":[{"embeddable":true,"href":"https:\/\/genomic.com.br\/portal\/wp-json\/wp\/v2\/comments?post=2910"}],"version-history":[{"count":4,"href":"https:\/\/genomic.com.br\/portal\/wp-json\/wp\/v2\/pages\/2910\/revisions"}],"predecessor-version":[{"id":4110,"href":"https:\/\/genomic.com.br\/portal\/wp-json\/wp\/v2\/pages\/2910\/revisions\/4110"}],"wp:attachment":[{"href":"https:\/\/genomic.com.br\/portal\/wp-json\/wp\/v2\/media?parent=2910"}],"curies":[{"name":"wp","href":"https:\/\/api.w.org\/{rel}","templated":true}]}}