{"id":2872,"date":"2016-02-26T13:58:39","date_gmt":"2016-02-26T16:58:39","guid":{"rendered":"http:\/\/genomic.com.br\/portal\/?page_id=2872"},"modified":"2016-02-26T13:58:39","modified_gmt":"2016-02-26T16:58:39","slug":"genomic-20-anos-de-excelencia-genetica-humana","status":"publish","type":"page","link":"https:\/\/genomic.com.br\/portal\/genomic-20-anos-de-excelencia-genetica-humana\/","title":{"rendered":"Genomic 20 anos de excel\u00eancia gen\u00e9tica humana"},"content":{"rendered":"<p><img fetchpriority=\"high\" decoding=\"async\" class=\"size-medium wp-image-2873 alignright\" src=\"https:\/\/genomic.com.br\/portal\/wp-content\/uploads\/2016\/02\/anatomiadacelula-300x267.jpg\" alt=\"anatomiadacelula\" width=\"300\" height=\"267\" srcset=\"https:\/\/genomic.com.br\/portal\/wp-content\/uploads\/2016\/02\/anatomiadacelula-300x267.jpg 300w, https:\/\/genomic.com.br\/portal\/wp-content\/uploads\/2016\/02\/anatomiadacelula-164x146.jpg 164w, https:\/\/genomic.com.br\/portal\/wp-content\/uploads\/2016\/02\/anatomiadacelula-50x44.jpg 50w, https:\/\/genomic.com.br\/portal\/wp-content\/uploads\/2016\/02\/anatomiadacelula-84x75.jpg 84w, https:\/\/genomic.com.br\/portal\/wp-content\/uploads\/2016\/02\/anatomiadacelula.jpg 530w\" sizes=\"(max-width: 300px) 100vw, 300px\" \/>A experi\u00eancia da Genomic, h\u00e1 mais de\u00a020 anos realizando exames de DNA, assegura o mais alto grau de confiabilidade. A Genomic disp\u00f5e de tecnologia\u00a0moderna\u00a0 e de uma equipe t\u00e9cnica altamente qualificada. O cliente que procura a Genomic para fazer o teste de DNA encontra rigor, aten\u00e7\u00e3o, sigilo e qualidade. A seguran\u00e7a de obter tudo isso come\u00e7a no atendimento, que elimina qualquer tipo de constrangimento que poderia ocorrer quando o tema \u00e9 investiga\u00e7\u00e3o de paternidade.<\/p>\n<p>&nbsp;<\/p>\n<p>A Genomic \u00e9 a \u00fanica que garante a an\u00e1lise de 17 a 29 locos, aumentando assim o grau de confiabilidade do seu resultado. Inclu\u00edmos\u00a0em\u00a0nossos\u00a0estudos, o marcador de sexo (amelogenina) como um dos controles interno de qualidade. Em alguns casos, locos de STRs situados nos cromossomos X e Y s\u00e3o analisados, trazendo informa\u00e7\u00f5es complementares imprescind\u00edveis. Todos os laudos da Genomic s\u00e3o submetidos \u00e0 prova e contraprova.<\/p>\n<p>&nbsp;<\/p>\n<p>O DNA (\u00e1cido desoxirribonucl\u00e9ico) \u00e9 uma mol\u00e9cula que est\u00e1 presente nos cromossomos no n\u00facleo das c\u00e9lulas de qualquer ser vivo. O DNA cont\u00e9m as informa\u00e7\u00f5es gen\u00e9ticas, onde est\u00e3o inscritas todas as caracter\u00edsticas fundamentais das pessoas. Com a exce\u00e7\u00e3o de g\u00eameos univitelinos, que possuem informa\u00e7\u00f5es gen\u00e9ticas id\u00eanticas, o DNA de cada pessoa \u00e9 diferente e, atrav\u00e9s dele, \u00e9 poss\u00edvel obter uma identifica\u00e7\u00e3o. As informa\u00e7\u00f5es gen\u00e9ticas est\u00e3o dispostas linearmente, ao longo do cromossomo, em posi\u00e7\u00f5es denominadas de\u00a0locos. O exame \u00e9 realizado atrav\u00e9s da an\u00e1lise de alguns locos selecionados.<\/p>\n<p>&nbsp;<\/p>\n<p>Para pesquisar o DNA \u00e9 necess\u00e1rio multiplicar milhares de vezes o loco estudado, tornando poss\u00edvel a observa\u00e7\u00e3o das informa\u00e7\u00f5es. A principal t\u00e9cnica de multiplica\u00e7\u00e3o \u00e9 a PCR (rea\u00e7\u00e3o em cadeia da polimerase), usada no exame de v\u00ednculo gen\u00e9tico de filia\u00e7\u00e3o. A Genomic foi pioneira no uso desta t\u00e9cnica no Brasil.<\/p>\n<p>A an\u00e1lise de v\u00ednculo gen\u00e9tico n\u00e3o se restringe \u00e0 investiga\u00e7\u00e3o de paternidade. Em alguns casos, como de troca de beb\u00eas ou desaparecimentos, pode haver a necessidade de determina\u00e7\u00e3o da m\u00e3e biol\u00f3gica. Tamb\u00e9m \u00e9 poss\u00edvel realizar testes para averiguar se duas pessoas t\u00eam rela\u00e7\u00e3o de irmandade.<\/p>\n","protected":false},"excerpt":{"rendered":"<p>A experi\u00eancia da Genomic, h\u00e1 mais de\u00a020 anos realizando exames de DNA, assegura o mais alto grau de confiabilidade. A Genomic disp\u00f5e de tecnologia\u00a0moderna\u00a0 e de uma equipe t\u00e9cnica altamente qualificada. O cliente que procura a Genomic para fazer o teste de DNA encontra rigor, aten\u00e7\u00e3o, sigilo e qualidade. A seguran\u00e7a de obter tudo isso &#8230; <a title=\"Genomic 20 anos de excel\u00eancia gen\u00e9tica humana\" class=\"read-more\" href=\"https:\/\/genomic.com.br\/portal\/genomic-20-anos-de-excelencia-genetica-humana\/\" aria-label=\"More on Genomic 20 anos de excel\u00eancia gen\u00e9tica humana\">Ler mais<\/a><\/p>\n","protected":false},"author":2,"featured_media":0,"parent":0,"menu_order":0,"comment_status":"closed","ping_status":"closed","template":"","meta":{"footnotes":""},"class_list":["post-2872","page","type-page","status-publish"],"_links":{"self":[{"href":"https:\/\/genomic.com.br\/portal\/wp-json\/wp\/v2\/pages\/2872","targetHints":{"allow":["GET"]}}],"collection":[{"href":"https:\/\/genomic.com.br\/portal\/wp-json\/wp\/v2\/pages"}],"about":[{"href":"https:\/\/genomic.com.br\/portal\/wp-json\/wp\/v2\/types\/page"}],"author":[{"embeddable":true,"href":"https:\/\/genomic.com.br\/portal\/wp-json\/wp\/v2\/users\/2"}],"replies":[{"embeddable":true,"href":"https:\/\/genomic.com.br\/portal\/wp-json\/wp\/v2\/comments?post=2872"}],"version-history":[{"count":1,"href":"https:\/\/genomic.com.br\/portal\/wp-json\/wp\/v2\/pages\/2872\/revisions"}],"predecessor-version":[{"id":2874,"href":"https:\/\/genomic.com.br\/portal\/wp-json\/wp\/v2\/pages\/2872\/revisions\/2874"}],"wp:attachment":[{"href":"https:\/\/genomic.com.br\/portal\/wp-json\/wp\/v2\/media?parent=2872"}],"curies":[{"name":"wp","href":"https:\/\/api.w.org\/{rel}","templated":true}]}}