{"id":2849,"date":"2016-02-26T11:42:22","date_gmt":"2016-02-26T14:42:22","guid":{"rendered":"http:\/\/genomic.com.br\/portal\/?page_id=2849"},"modified":"2022-08-26T17:26:20","modified_gmt":"2022-08-26T20:26:20","slug":"coleta-em-casa","status":"publish","type":"page","link":"https:\/\/genomic.com.br\/portal\/coleta-em-casa\/","title":{"rendered":"Kit de Coleta Domiciliar"},"content":{"rendered":"<p>Com a GENOMIC voc\u00ea pode realizar seu exame de DNA, com total discri\u00e7\u00e3o e seguran\u00e7a em sua pr\u00f3pria resid\u00eancia. A GENOMIC disponibiliza diferentes kits de coleta domiciliar que atendem \u00e0s suas necessidades:<\/p>\n<table border=\"1\" cellspacing=\"0\" cellpadding=\"0\">\n<tbody>\n<tr>\n<td valign=\"top\" width=\"189\">\n<p align=\"center\">Tipo de exame<\/p>\n<\/td>\n<td valign=\"top\" width=\"95\">\n<p align=\"center\">Trio1<\/p>\n<\/td>\n<td valign=\"top\" width=\"95\">\n<p align=\"center\">Duo2<\/p>\n<\/td>\n<td valign=\"top\" width=\"145\">\n<p align=\"center\">Periciando adicional 3<\/p>\n<\/td>\n<td valign=\"top\" width=\"81\">\n<p align=\"center\">Prazo4<\/p>\n<\/td>\n<\/tr>\n<tr>\n<td valign=\"top\" width=\"189\">Padr\u00e3o (saliva ou sangue)<\/td>\n<td valign=\"top\" width=\"95\">\n<p align=\"center\">R$ 389,00<\/p>\n<\/td>\n<td valign=\"top\" width=\"95\">\n<p align=\"center\">R$ 389,00<\/p>\n<\/td>\n<td valign=\"top\" width=\"145\">\n<p align=\"center\">R$ 200,00<\/p>\n<\/td>\n<td valign=\"top\" width=\"81\">\n<p align=\"center\">10 dias \u00fateis<\/p>\n<\/td>\n<\/tr>\n<tr>\n<td valign=\"top\" width=\"189\">48 horas (saliva ou sangue)<\/p>\n<p><strong><span style=\"color: #ff0000;\">(n\u00e3o efetuar a compra, indispon\u00edvel no momento)<\/span><\/strong><\/td>\n<td valign=\"top\" width=\"95\">\n<p align=\"center\">R$ 990,00<\/p>\n<\/td>\n<td valign=\"top\" width=\"95\">\n<p align=\"center\">R$ 990,00<\/p>\n<\/td>\n<td valign=\"top\" width=\"145\">\n<p align=\"center\">R$ 500,00<\/p>\n<\/td>\n<td valign=\"top\" width=\"81\">\n<p align=\"center\">48 hs<\/p>\n<\/td>\n<\/tr>\n<tr>\n<td valign=\"top\" width=\"189\">23 horas (saliva ou sangue)<\/p>\n<p><span style=\"color: #ff0000;\"><strong>(n\u00e3o efetuar a compra, indispon\u00edvel no momento)<\/strong><\/span><\/td>\n<td valign=\"top\" width=\"95\">\n<p align=\"center\">R$ 1.250,00<\/p>\n<\/td>\n<td valign=\"top\" width=\"95\">\n<p align=\"center\">R$ 1250,00<\/p>\n<\/td>\n<td valign=\"top\" width=\"145\">\n<p align=\"center\">R$ 750,00<\/p>\n<\/td>\n<td valign=\"top\" width=\"81\">\n<p align=\"center\">23 hs<\/p>\n<\/td>\n<\/tr>\n<tr>\n<td valign=\"top\" width=\"189\">Unhas<\/td>\n<td valign=\"top\" width=\"95\">\n<p align=\"center\">R$ 880,00<\/p>\n<\/td>\n<td valign=\"top\" width=\"95\">\n<p align=\"center\">R$ 880,00<\/p>\n<\/td>\n<td valign=\"top\" width=\"145\">\n<p align=\"center\">R$ 450,00<\/p>\n<\/td>\n<td valign=\"top\" width=\"81\">\n<p align=\"center\">15\u00a0dias \u00fateis<\/p>\n<\/td>\n<\/tr>\n<\/tbody>\n<\/table>\n<p>1) exame de trio: suposto pai, m\u00e3e e filho(a)<br \/>\n2) exame de duo: suposto pai ou m\u00e3e e filho(a)<br \/>\n3) periciando adicional pode ser outro suposto pai ou m\u00e3e ou filho(a)<br \/>\n4) o prazo do exame come\u00e7a a ser contado a partir da chegada da amostra no laborat\u00f3rio.<\/p>\n<p>Os valores descritos acima incluem\u00a0a remessa\u00a0do kit de coleta, a an\u00e1lise e envio de resultados. \u00c9 de responsabilidade do comprador o custo de postagem do\u00a0retorno do kit coletado para a an\u00e1lise em nosso laborat\u00f3rio.<\/p>\n<p>Observe que, no momento da compra, dever\u00e1 ser escolhido o tipo de exame (padr\u00e3o, 48 hs ou 23 hs) e material coletado (sangue, saliva ou unha) para que seja enviado o kit correto.<\/p>\n<p>Tanto o exame 23 hs ou 48h que for recebido ap\u00f3s as 17:00 hs (segunda a sexta)\u00a0 ter\u00e1 seu prazo contado a partir das 9:00 hs do dia \u00fatil seguinte (n\u00e3o h\u00e1 expediente aos s\u00e1bados).<\/p>\n<p>Importante: em caso de desist\u00eancia da realiza\u00e7\u00e3o do exame, s\u00f3 ser\u00e1 devolvido o valor integral pago caso n\u00e3o haja viola\u00e7\u00e3o do lacre no kit de coleta enviado. O valor ser\u00e1 devolvido ap\u00f3s o retorno do kit ao laborat\u00f3rio.<\/p>\n<p>Como \u00e9 feito o exame:\u00a0A GENOMIC garante a an\u00e1lise de 17 a 29 locos, aumentando assim o grau de confiabilidade do seu resultado. Inclu\u00edmos\u00a0em\u00a0nossos\u00a0estudos o marcador Amelogenina o qual define se a amostra pertence a um indiv\u00edduo do sexo masculino ou feminino, como um dos controles internos de qualidade. Em alguns casos, locos de STRs situados nos cromossomos X e Y s\u00e3o analisados, trazendo informa\u00e7\u00f5es complementares imprescind\u00edveis.<\/p>\n<p><strong>Instru\u00e7\u00f5es de coleta:<\/strong><\/p>\n<p><strong>a) Sangue\u00a0<\/strong><\/p>\n<div style=\"width: 640px;\" class=\"wp-video\"><video class=\"wp-video-shortcode\" id=\"video-2849-1\" width=\"640\" height=\"480\" preload=\"metadata\" controls=\"controls\"><source type=\"video\/mp4\" src=\"https:\/\/genomic.com.br\/portal\/wp-content\/uploads\/2016\/02\/coletasangue.mp4?_=1\" \/><a href=\"https:\/\/genomic.com.br\/portal\/wp-content\/uploads\/2016\/02\/coletasangue.mp4\">https:\/\/genomic.com.br\/portal\/wp-content\/uploads\/2016\/02\/coletasangue.mp4<\/a><\/video><\/div>\n<p><strong>b) Saliva<\/strong><\/p>\n<div style=\"width: 640px;\" class=\"wp-video\"><video class=\"wp-video-shortcode\" id=\"video-2849-2\" width=\"640\" height=\"480\" preload=\"metadata\" controls=\"controls\"><source type=\"video\/mp4\" src=\"https:\/\/genomic.com.br\/portal\/wp-content\/uploads\/2016\/02\/coletasaliva_.mp4?_=2\" \/><a href=\"https:\/\/genomic.com.br\/portal\/wp-content\/uploads\/2016\/02\/coletasaliva_.mp4\">https:\/\/genomic.com.br\/portal\/wp-content\/uploads\/2016\/02\/coletasaliva_.mp4<\/a><\/video><\/div>\n<p><strong>c) Unha<\/strong><\/p>\n<p>Com uma tesoura ou cortador limpos, cortar 10 fragmentos de unha de cada periciando e colocar dentro da embalagem zip fornecida com o kit.<\/p>\n<p>Coleta inadequada\/recoleta: Todas as instru\u00e7\u00f5es de coleta devem ser seguidas conforme descritas no site ou no pr\u00f3prio kit de coleta. Caso a coleta seja feita de forma inadequada (por ex. amostra insuficiente) ser\u00e1 cobrada uma taxa de recoleta no mesmo valor do periciando adicional do exame escolhido, para dar continuidade ao exame. O novo prazo do resultado ser\u00e1 contado a partir da chegada da nova amostra.<\/p>\n<p>Indiv\u00edduos transplantados: Nesses casos, deve ser coletada a unha para a realiza\u00e7\u00e3o do exame.<\/p>\n<p>Caso haja d\u00favida na coleta, entre em contato com nossa equipe comercial no telefone (11) 3288-1188 ou no email <a href=\"mailto:info@genomic.com.br\">info@genomic.com.br<\/a><\/p>\n<p>Resultado: Independente do material biol\u00f3gico utilizado, o grau de confiabilidade do exame de DNA \u00e9 o mesmo. Nos exames coletados com o kit de coleta domiciliar, os periciandos s\u00e3o identificados apenas por letras. Isto caracteriza um exame sigiloso e por este motivo, o laudo n\u00e3o tem valor judicial.<\/p>\n<p>O\u00a0resultado do laudo ser\u00e1 enviado para o seu endere\u00e7o de email informado no kit de coleta.<\/p>\n<p style=\"text-align: center;\"><img decoding=\"async\" class=\"alignnone wp-image-4163\" src=\"https:\/\/genomic.com.br\/portal\/wp-content\/uploads\/2020\/04\/COMPRE-AQUI-DNA-EM-CASA.png\" alt=\"Comprei aqui seu kit DNA em Casa\" width=\"200\" height=\"84\" srcset=\"https:\/\/genomic.com.br\/portal\/wp-content\/uploads\/2020\/04\/COMPRE-AQUI-DNA-EM-CASA.png 353w, https:\/\/genomic.com.br\/portal\/wp-content\/uploads\/2020\/04\/COMPRE-AQUI-DNA-EM-CASA-300x126.png 300w, https:\/\/genomic.com.br\/portal\/wp-content\/uploads\/2020\/04\/COMPRE-AQUI-DNA-EM-CASA-260x109.png 260w, https:\/\/genomic.com.br\/portal\/wp-content\/uploads\/2020\/04\/COMPRE-AQUI-DNA-EM-CASA-50x21.png 50w, https:\/\/genomic.com.br\/portal\/wp-content\/uploads\/2020\/04\/COMPRE-AQUI-DNA-EM-CASA-150x63.png 150w\" sizes=\"(max-width: 200px) 100vw, 200px\" \/><\/p>\n<table dir=\"ltr\" border=\"1\" cellspacing=\"0\" cellpadding=\"0\">\n<colgroup>\n<col width=\"370\" \/>\n<col width=\"112\" \/>\n<col width=\"124\" \/><\/colgroup>\n<tbody>\n<tr>\n<td data-sheets-value=\"{&quot;1&quot;:2,&quot;2&quot;:&quot;Periciando adicional (Unha)&quot;}\">Periciando adicional (Unha)<\/td>\n<td data-sheets-value=\"{&quot;1&quot;:2,&quot;2&quot;:&quot;R$450,00&quot;}\">R$450,00<\/td>\n<td><!-- INICIO DO BOTAO PAGSEGURO --><a title=\"Pagar com PagSeguro\" href=\"https:\/\/pag.ae\/7VYZZ5VsR\/button\" target=\"_blank\" rel=\"noopener\" class=\"broken_link\"><img decoding=\"async\" src=\"\/\/assets.pagseguro.com.br\/ps-integration-assets\/botoes\/pagamentos\/95x45-pagar.gif\" alt=\"Pague com PagSeguro - \u00e9 r\u00e1pido, gr\u00e1tis e seguro!\" \/><\/a><!-- FIM DO BOTAO PAGSEGURO --><\/td>\n<\/tr>\n<tr>\n<td data-sheets-value=\"{&quot;1&quot;:2,&quot;2&quot;:&quot;Periciando adicional (Sangue ou Saliva)&quot;}\">Periciando adicional (Sangue ou Saliva)<\/td>\n<td data-sheets-value=\"{&quot;1&quot;:2,&quot;2&quot;:&quot;R$200,00&quot;}\">R$200,00<\/td>\n<td><!-- INICIO DO BOTAO PAGSEGURO --><a title=\"Pagar com PagSeguro\" href=\"https:\/\/pag.ae\/7VYZWJihK\/button\" target=\"_blank\" rel=\"noopener\" class=\"broken_link\"><img decoding=\"async\" src=\"\/\/assets.pagseguro.com.br\/ps-integration-assets\/botoes\/pagamentos\/95x45-pagar.gif\" alt=\"Pague com PagSeguro - \u00e9 r\u00e1pido, gr\u00e1tis e seguro!\" \/><\/a><!-- FIM DO BOTAO PAGSEGURO --><\/td>\n<\/tr>\n<tr>\n<td data-sheets-value=\"{&quot;1&quot;:2,&quot;2&quot;:&quot;Unha Duo&quot;}\">Unha Duo<\/td>\n<td data-sheets-value=\"{&quot;1&quot;:2,&quot;2&quot;:&quot;R$880,00&quot;}\">R$880,00<\/td>\n<td><!-- INICIO DO BOTAO PAGSEGURO --><a title=\"Pagar com PagSeguro\" href=\"https:\/\/pag.ae\/7VYZAiE19\/button\" target=\"_blank\" rel=\"noopener\" class=\"broken_link\"><img decoding=\"async\" src=\"\/\/assets.pagseguro.com.br\/ps-integration-assets\/botoes\/pagamentos\/95x45-pagar.gif\" alt=\"Pague com PagSeguro - \u00e9 r\u00e1pido, gr\u00e1tis e seguro!\" \/><\/a><!-- FIM DO BOTAO PAGSEGURO --><\/td>\n<\/tr>\n<tr>\n<td data-sheets-value=\"{&quot;1&quot;:2,&quot;2&quot;:&quot;Unha Trio&quot;}\">Unha Trio<\/td>\n<td data-sheets-value=\"{&quot;1&quot;:2,&quot;2&quot;:&quot;R$880,00&quot;}\">R$880,00<\/td>\n<td><!-- INICIO DO BOTAO PAGSEGURO --><a title=\"Pagar com PagSeguro\" href=\"https:\/\/pag.ae\/7VYZzWA7K\/button\" target=\"_blank\" rel=\"noopener\" class=\"broken_link\"><img decoding=\"async\" src=\"\/\/assets.pagseguro.com.br\/ps-integration-assets\/botoes\/pagamentos\/95x45-pagar.gif\" alt=\"Pague com PagSeguro - \u00e9 r\u00e1pido, gr\u00e1tis e seguro!\" \/><\/a><!-- FIM DO BOTAO PAGSEGURO --><\/td>\n<\/tr>\n<tr>\n<td data-sheets-value=\"{&quot;1&quot;:2,&quot;2&quot;:&quot;Kit Padr\u00e3o Duo - Saliva&quot;}\">Kit Padr\u00e3o Duo &#8211; Saliva<\/td>\n<td data-sheets-value=\"{&quot;1&quot;:2,&quot;2&quot;:&quot;R$450,00&quot;}\">R$389,00<\/td>\n<td><!-- INICIO DO BOTAO PAGSEGURO --><a title=\"Pagar com PagSeguro\" href=\"https:\/\/pag.ae\/7YALfAR4u\/button\" target=\"_blank\" rel=\"noopener\" class=\"broken_link\"><img decoding=\"async\" class=\"alignnone\" src=\"\/\/assets.pagseguro.com.br\/ps-integration-assets\/botoes\/pagamentos\/95x45-pagar.gif\" alt=\"Pague com PagSeguro - \u00e9 r\u00e1pido, gr\u00e1tis e seguro!\" width=\"95\" height=\"45\" \/><\/a><!-- FIM DO BOTAO PAGSEGURO --><\/td>\n<\/tr>\n<tr>\n<td data-sheets-value=\"{&quot;1&quot;:2,&quot;2&quot;:&quot;Kit Padr\u00e3o Trio - Saliva&quot;}\">Kit Padr\u00e3o Trio &#8211; Saliva<\/td>\n<td data-sheets-value=\"{&quot;1&quot;:2,&quot;2&quot;:&quot;R$450,00&quot;}\">R$389,00<\/td>\n<td><!-- INICIO DO BOTAO PAGSEGURO --><a title=\"Pagar com PagSeguro\" href=\"https:\/\/pag.ae\/7YALjLB12\/button\" target=\"_blank\" rel=\"noopener\" class=\"broken_link\"><img decoding=\"async\" class=\"alignnone\" src=\"\/\/assets.pagseguro.com.br\/ps-integration-assets\/botoes\/pagamentos\/95x45-pagar.gif\" alt=\"Pague com PagSeguro - \u00e9 r\u00e1pido, gr\u00e1tis e seguro!\" width=\"95\" height=\"45\" \/><\/a><!-- FIM DO BOTAO PAGSEGURO --><\/td>\n<\/tr>\n<tr>\n<td data-sheets-value=\"{&quot;1&quot;:2,&quot;2&quot;:&quot;Kit Padr\u00e3o Duo - Sangue&quot;}\">Kit Padr\u00e3o Duo &#8211; Sangue<\/td>\n<td data-sheets-value=\"{&quot;1&quot;:2,&quot;2&quot;:&quot;R$450,00&quot;}\">R$389,00<\/td>\n<td><!-- INICIO DO BOTAO PAGSEGURO --><a title=\"Pagar com PagSeguro\" href=\"https:\/\/pag.ae\/7YALmmxVr\/button\" target=\"_blank\" rel=\"noopener\" class=\"broken_link\"><img decoding=\"async\" class=\"alignnone\" src=\"\/\/assets.pagseguro.com.br\/ps-integration-assets\/botoes\/pagamentos\/95x45-pagar.gif\" alt=\"Pague com PagSeguro - \u00e9 r\u00e1pido, gr\u00e1tis e seguro!\" width=\"95\" height=\"45\" \/><\/a><!-- FIM DO BOTAO PAGSEGURO --><\/td>\n<\/tr>\n<tr>\n<td data-sheets-value=\"{&quot;1&quot;:2,&quot;2&quot;:&quot;Kit Padr\u00e3o Trio - Sangue&quot;}\">Kit Padr\u00e3o Trio &#8211; Sangue<\/td>\n<td data-sheets-value=\"{&quot;1&quot;:2,&quot;2&quot;:&quot;R$450,00&quot;}\">R$389,00<\/td>\n<td><!-- INICIO DO BOTAO PAGSEGURO --><a title=\"Pagar com PagSeguro\" href=\"https:\/\/pag.ae\/7YALnd8X2\/button\" target=\"_blank\" rel=\"noopener\" class=\"broken_link\"><img decoding=\"async\" class=\"alignnone\" src=\"\/\/assets.pagseguro.com.br\/ps-integration-assets\/botoes\/pagamentos\/95x45-pagar.gif\" alt=\"Pague com PagSeguro - \u00e9 r\u00e1pido, gr\u00e1tis e seguro!\" width=\"95\" height=\"45\" \/><\/a><!-- FIM DO BOTAO PAGSEGURO --><\/td>\n<\/tr>\n<\/tbody>\n<\/table>\n<p>&#8230;..<\/p>\n","protected":false},"excerpt":{"rendered":"<p>Com a GENOMIC voc\u00ea pode realizar seu exame de DNA, com total discri\u00e7\u00e3o e seguran\u00e7a em sua pr\u00f3pria resid\u00eancia. A GENOMIC disponibiliza diferentes kits de coleta domiciliar que atendem \u00e0s suas necessidades: Tipo de exame Trio1 Duo2 Periciando adicional 3 Prazo4 Padr\u00e3o (saliva ou sangue) R$ 389,00 R$ 389,00 R$ 200,00 10 dias \u00fateis 48 &#8230; <a title=\"Kit de Coleta Domiciliar\" class=\"read-more\" href=\"https:\/\/genomic.com.br\/portal\/coleta-em-casa\/\" aria-label=\"More on Kit de Coleta Domiciliar\">Ler mais<\/a><\/p>\n","protected":false},"author":2,"featured_media":0,"parent":0,"menu_order":0,"comment_status":"closed","ping_status":"closed","template":"","meta":{"footnotes":""},"class_list":["post-2849","page","type-page","status-publish"],"_links":{"self":[{"href":"https:\/\/genomic.com.br\/portal\/wp-json\/wp\/v2\/pages\/2849","targetHints":{"allow":["GET"]}}],"collection":[{"href":"https:\/\/genomic.com.br\/portal\/wp-json\/wp\/v2\/pages"}],"about":[{"href":"https:\/\/genomic.com.br\/portal\/wp-json\/wp\/v2\/types\/page"}],"author":[{"embeddable":true,"href":"https:\/\/genomic.com.br\/portal\/wp-json\/wp\/v2\/users\/2"}],"replies":[{"embeddable":true,"href":"https:\/\/genomic.com.br\/portal\/wp-json\/wp\/v2\/comments?post=2849"}],"version-history":[{"count":47,"href":"https:\/\/genomic.com.br\/portal\/wp-json\/wp\/v2\/pages\/2849\/revisions"}],"predecessor-version":[{"id":4596,"href":"https:\/\/genomic.com.br\/portal\/wp-json\/wp\/v2\/pages\/2849\/revisions\/4596"}],"wp:attachment":[{"href":"https:\/\/genomic.com.br\/portal\/wp-json\/wp\/v2\/media?parent=2849"}],"curies":[{"name":"wp","href":"https:\/\/api.w.org\/{rel}","templated":true}]}}