{"id":2848,"date":"2016-02-26T11:28:37","date_gmt":"2016-02-26T14:28:37","guid":{"rendered":"http:\/\/genomic.com.br\/portal\/?page_id=2848"},"modified":"2016-02-26T11:28:37","modified_gmt":"2016-02-26T14:28:37","slug":"cromossomo-x","status":"publish","type":"page","link":"https:\/\/genomic.com.br\/portal\/cromossomo-x\/","title":{"rendered":"Cromossomo X"},"content":{"rendered":"<h4>8 STRs para Cromossomo X<\/h4>\n<p>&nbsp;<\/p>\n<p><img decoding=\"async\" class=\"alignleft wp-image-2850 size-medium\" src=\"https:\/\/genomic.com.br\/portal\/wp-content\/uploads\/2016\/02\/genotipo_XY-147x300.jpg\" alt=\"genotipo_XY\" width=\"147\" height=\"300\" srcset=\"https:\/\/genomic.com.br\/portal\/wp-content\/uploads\/2016\/02\/genotipo_XY-147x300.jpg 147w, https:\/\/genomic.com.br\/portal\/wp-content\/uploads\/2016\/02\/genotipo_XY-72x146.jpg 72w, https:\/\/genomic.com.br\/portal\/wp-content\/uploads\/2016\/02\/genotipo_XY-25x50.jpg 25w, https:\/\/genomic.com.br\/portal\/wp-content\/uploads\/2016\/02\/genotipo_XY-37x75.jpg 37w, https:\/\/genomic.com.br\/portal\/wp-content\/uploads\/2016\/02\/genotipo_XY.jpg 180w\" sizes=\"(max-width: 147px) 100vw, 147px\" \/>Os exames de paternidade utilizando locos de STRs autoss\u00f4micos gera \u00edndices muito satisfat\u00f3rios. Por\u00e9m, em casos de maior complexidade esse tipo de an\u00e1lise pode ser insuficiente.<\/p>\n<p>&nbsp;<\/p>\n<p>Para esclarecer esses casos, oito locos de STRs situados no bra\u00e7o longo do cromossomo X s\u00e3o analisados (seguindo a normatiza\u00e7\u00e3o europ\u00e9ia). O fato que homens possuem somente um cromossomo X, que \u00e9 invariavelmente herdado por todas suas filhas, pode trazer vantagens neste tipo de per\u00edcia onde o indiv\u00edduo requerente \u00e9 do sexo feminino e a transmiss\u00e3o do cromossomo X entre os periciandos pode ser inferida.<\/p>\n<p>&nbsp;<\/p>\n<p>A Genomic\u00a0realiza genotipagens apenas para cromossomo X,\u00a0consulte nossos valores.<\/p>\n<p class=\"NormalWeb2\">\n<p><strong>O prazo de entrega do laudo ser\u00e1 de no m\u00e1ximo 07 dias \u00fateis.<\/strong><\/p>\n","protected":false},"excerpt":{"rendered":"<p>8 STRs para Cromossomo X &nbsp; Os exames de paternidade utilizando locos de STRs autoss\u00f4micos gera \u00edndices muito satisfat\u00f3rios. Por\u00e9m, em casos de maior complexidade esse tipo de an\u00e1lise pode ser insuficiente. &nbsp; Para esclarecer esses casos, oito locos de STRs situados no bra\u00e7o longo do cromossomo X s\u00e3o analisados (seguindo a normatiza\u00e7\u00e3o europ\u00e9ia). O &#8230; <a title=\"Cromossomo X\" class=\"read-more\" href=\"https:\/\/genomic.com.br\/portal\/cromossomo-x\/\" aria-label=\"More on Cromossomo X\">Ler mais<\/a><\/p>\n","protected":false},"author":2,"featured_media":0,"parent":0,"menu_order":0,"comment_status":"closed","ping_status":"closed","template":"","meta":{"footnotes":""},"class_list":["post-2848","page","type-page","status-publish"],"_links":{"self":[{"href":"https:\/\/genomic.com.br\/portal\/wp-json\/wp\/v2\/pages\/2848","targetHints":{"allow":["GET"]}}],"collection":[{"href":"https:\/\/genomic.com.br\/portal\/wp-json\/wp\/v2\/pages"}],"about":[{"href":"https:\/\/genomic.com.br\/portal\/wp-json\/wp\/v2\/types\/page"}],"author":[{"embeddable":true,"href":"https:\/\/genomic.com.br\/portal\/wp-json\/wp\/v2\/users\/2"}],"replies":[{"embeddable":true,"href":"https:\/\/genomic.com.br\/portal\/wp-json\/wp\/v2\/comments?post=2848"}],"version-history":[{"count":1,"href":"https:\/\/genomic.com.br\/portal\/wp-json\/wp\/v2\/pages\/2848\/revisions"}],"predecessor-version":[{"id":2851,"href":"https:\/\/genomic.com.br\/portal\/wp-json\/wp\/v2\/pages\/2848\/revisions\/2851"}],"wp:attachment":[{"href":"https:\/\/genomic.com.br\/portal\/wp-json\/wp\/v2\/media?parent=2848"}],"curies":[{"name":"wp","href":"https:\/\/api.w.org\/{rel}","templated":true}]}}