{"id":2844,"date":"2016-02-25T22:42:23","date_gmt":"2016-02-26T01:42:23","guid":{"rendered":"http:\/\/genomic.com.br\/portal\/?page_id=2844"},"modified":"2016-02-26T11:29:44","modified_gmt":"2016-02-26T14:29:44","slug":"cromossomo-y","status":"publish","type":"page","link":"https:\/\/genomic.com.br\/portal\/cromossomo-y\/","title":{"rendered":"Cromossomo Y"},"content":{"rendered":"<h4>8 STRs para Cromossomo Y<\/h4>\n<p>&nbsp;<\/p>\n<p><img decoding=\"async\" class=\"size-full wp-image-2845 alignleft\" src=\"https:\/\/genomic.com.br\/portal\/wp-content\/uploads\/2016\/02\/125px-Chromosome_Y_svg.png\" alt=\"125px-Chromosome_Y_svg\" width=\"125\" height=\"152\" srcset=\"https:\/\/genomic.com.br\/portal\/wp-content\/uploads\/2016\/02\/125px-Chromosome_Y_svg.png 125w, https:\/\/genomic.com.br\/portal\/wp-content\/uploads\/2016\/02\/125px-Chromosome_Y_svg-120x146.png 120w, https:\/\/genomic.com.br\/portal\/wp-content\/uploads\/2016\/02\/125px-Chromosome_Y_svg-41x50.png 41w, https:\/\/genomic.com.br\/portal\/wp-content\/uploads\/2016\/02\/125px-Chromosome_Y_svg-62x75.png 62w\" sizes=\"(max-width: 125px) 100vw, 125px\" \/><\/p>\n<p>O cromossomo Y \u00e9 herdado de uma maneira patrilinear, o que significa que todo indiv\u00edduo masculino em todas as gera\u00e7\u00f5es de uma fam\u00edlia possui o mesmo cromossomo Y. A equival\u00eancia entre<\/p>\n<p>dois cromossomos Y pode ser estabelecida analisando-se um conjunto de marcadores polim\u00f3rficos ao longo deles, denominado de hapl\u00f3tipo.<\/p>\n<p>&nbsp;<\/p>\n<p>O protocolo seguido pela Genomic analisa, a princ\u00edpio, 8 marcadores gen\u00e9ticos (STRs) que j\u00e1 fazem parte de uma normatiza\u00e7\u00e3o europ\u00e9ia.<\/p>\n<p>&nbsp;<\/p>\n<p>Se dois homens tiverem hapl\u00f3tipos do cromossomo Y diferentes, isso indica que as origens patril\u00edneas s\u00e3o diferentes nesses indiv\u00edduos, o que exclui o v\u00ednculo gen\u00e9tico paterno entre eles.<\/p>\n<p>&nbsp;<\/p>\n<p>A Genomic aceita genotipagens para cromossomo Y, consulte nossos valores.<\/p>\n<p>&nbsp;<\/p>\n<p><strong>O prazo de entrega do laudo ser\u00e1 de no m\u00e1ximo 07 dias \u00fateis.<\/strong><\/p>\n","protected":false},"excerpt":{"rendered":"<p>8 STRs para Cromossomo Y &nbsp; O cromossomo Y \u00e9 herdado de uma maneira patrilinear, o que significa que todo indiv\u00edduo masculino em todas as gera\u00e7\u00f5es de uma fam\u00edlia possui o mesmo cromossomo Y. A equival\u00eancia entre dois cromossomos Y pode ser estabelecida analisando-se um conjunto de marcadores polim\u00f3rficos ao longo deles, denominado de hapl\u00f3tipo. &#8230; <a title=\"Cromossomo Y\" class=\"read-more\" href=\"https:\/\/genomic.com.br\/portal\/cromossomo-y\/\" aria-label=\"More on Cromossomo Y\">Ler mais<\/a><\/p>\n","protected":false},"author":2,"featured_media":0,"parent":0,"menu_order":0,"comment_status":"closed","ping_status":"closed","template":"","meta":{"footnotes":""},"class_list":["post-2844","page","type-page","status-publish"],"_links":{"self":[{"href":"https:\/\/genomic.com.br\/portal\/wp-json\/wp\/v2\/pages\/2844","targetHints":{"allow":["GET"]}}],"collection":[{"href":"https:\/\/genomic.com.br\/portal\/wp-json\/wp\/v2\/pages"}],"about":[{"href":"https:\/\/genomic.com.br\/portal\/wp-json\/wp\/v2\/types\/page"}],"author":[{"embeddable":true,"href":"https:\/\/genomic.com.br\/portal\/wp-json\/wp\/v2\/users\/2"}],"replies":[{"embeddable":true,"href":"https:\/\/genomic.com.br\/portal\/wp-json\/wp\/v2\/comments?post=2844"}],"version-history":[{"count":3,"href":"https:\/\/genomic.com.br\/portal\/wp-json\/wp\/v2\/pages\/2844\/revisions"}],"predecessor-version":[{"id":2852,"href":"https:\/\/genomic.com.br\/portal\/wp-json\/wp\/v2\/pages\/2844\/revisions\/2852"}],"wp:attachment":[{"href":"https:\/\/genomic.com.br\/portal\/wp-json\/wp\/v2\/media?parent=2844"}],"curies":[{"name":"wp","href":"https:\/\/api.w.org\/{rel}","templated":true}]}}