{"id":2838,"date":"2016-02-25T20:31:42","date_gmt":"2016-02-25T23:31:42","guid":{"rendered":"http:\/\/genomic.com.br\/portal\/?page_id=2838"},"modified":"2017-01-05T10:19:54","modified_gmt":"2017-01-05T13:19:54","slug":"paternidade-e-maternidade-conjunta","status":"publish","type":"page","link":"https:\/\/genomic.com.br\/portal\/paternidade-e-maternidade-conjunta\/","title":{"rendered":"Paternidade e Maternidade Conjunta"},"content":{"rendered":"<p>O Exame de Paternidade e Maternidade Conjunta \u00e9\u00a0realizado onde h\u00e1 d\u00favida tanto da paternidade quanto da maternidade, ou seja, quando existe d\u00favida se a crian\u00e7a \u00e9 filha do casal. O DNA da crian\u00e7a \u00e9 comparado, ao mesmo tempo, com o do pai e com o da m\u00e3e.<\/p>\n<p>&nbsp;<\/p>\n<p>A Genomic garante a an\u00e1lise de 17 a 29 locos, aumentando assim o grau de confiabilidade do seu resultado.<\/p>\n<p>&nbsp;<\/p>\n<p>Inclu\u00edmos nos estudos o marcador de sexo\u00a0(amelogenina) como um dos controles internos de qualidade. Em alguns casos locos STR situados nos cromossomos\u00a0X e\u00a0Y s\u00e3o analisados, trazendo informa\u00e7\u00f5es complementares imprescind\u00edveis.<\/p>\n<p>&nbsp;<\/p>\n<p>A realiza\u00e7\u00e3o deste exame \u00e9 solicitada onde existe d\u00favida em casos de troca na maternidade, desaparecimentos e confirma\u00e7\u00e3o da fertiliza\u00e7\u00e3o in vitro.<\/p>\n<p>&nbsp;<\/p>\n<p>O prazo de entrega do laudo ser\u00e1 de 07 (sete) dias \u00fateis, contados \u00e0 partir da data do recebimento do material.<\/p>\n<p>&nbsp;<\/p>\n<p>[icon type=&#8221;icon-phone&#8221;] Para maiores informa\u00e7\u00f5es e valores\u00a0entre em <a href=\"\/contato\/\">contato<\/a> com a Genomic.<\/p>\n","protected":false},"excerpt":{"rendered":"<p>O Exame de Paternidade e Maternidade Conjunta \u00e9\u00a0realizado onde h\u00e1 d\u00favida tanto da paternidade quanto da maternidade, ou seja, quando existe d\u00favida se a crian\u00e7a \u00e9 filha do casal. O DNA da crian\u00e7a \u00e9 comparado, ao mesmo tempo, com o do pai e com o da m\u00e3e. &nbsp; A Genomic garante a an\u00e1lise de 17 &#8230; <a title=\"Paternidade e Maternidade Conjunta\" class=\"read-more\" href=\"https:\/\/genomic.com.br\/portal\/paternidade-e-maternidade-conjunta\/\" aria-label=\"More on Paternidade e Maternidade Conjunta\">Ler mais<\/a><\/p>\n","protected":false},"author":2,"featured_media":0,"parent":0,"menu_order":0,"comment_status":"closed","ping_status":"closed","template":"","meta":{"footnotes":""},"class_list":["post-2838","page","type-page","status-publish"],"_links":{"self":[{"href":"https:\/\/genomic.com.br\/portal\/wp-json\/wp\/v2\/pages\/2838","targetHints":{"allow":["GET"]}}],"collection":[{"href":"https:\/\/genomic.com.br\/portal\/wp-json\/wp\/v2\/pages"}],"about":[{"href":"https:\/\/genomic.com.br\/portal\/wp-json\/wp\/v2\/types\/page"}],"author":[{"embeddable":true,"href":"https:\/\/genomic.com.br\/portal\/wp-json\/wp\/v2\/users\/2"}],"replies":[{"embeddable":true,"href":"https:\/\/genomic.com.br\/portal\/wp-json\/wp\/v2\/comments?post=2838"}],"version-history":[{"count":3,"href":"https:\/\/genomic.com.br\/portal\/wp-json\/wp\/v2\/pages\/2838\/revisions"}],"predecessor-version":[{"id":3533,"href":"https:\/\/genomic.com.br\/portal\/wp-json\/wp\/v2\/pages\/2838\/revisions\/3533"}],"wp:attachment":[{"href":"https:\/\/genomic.com.br\/portal\/wp-json\/wp\/v2\/media?parent=2838"}],"curies":[{"name":"wp","href":"https:\/\/api.w.org\/{rel}","templated":true}]}}