{"id":2835,"date":"2016-02-25T20:27:06","date_gmt":"2016-02-25T23:27:06","guid":{"rendered":"http:\/\/genomic.com.br\/portal\/?page_id=2835"},"modified":"2020-10-19T11:16:12","modified_gmt":"2020-10-19T14:16:12","slug":"dna-mitocondrial","status":"publish","type":"page","link":"https:\/\/genomic.com.br\/portal\/dna-mitocondrial\/","title":{"rendered":"DNA Mitocondrial"},"content":{"rendered":"\n<p>Normalmente, a identifica\u00e7\u00e3o gen\u00e9tica \u00e9 realizada pela an\u00e1lise do DNA nuclear. Por\u00e9m, um outro tipo de DNA pode ser analisado (o DNA mitocondrial &#8211; mtDNA).<\/p>\n\n\n\n<p>O mtDNA apresenta um padr\u00e3o de heran\u00e7a materna, ou seja, a sequ\u00eancia \u00e9 id\u00eantica para todos os familiares por parte de m\u00e3e (heran\u00e7a matrilinear). Pode ser usado para identificar pessoas desaparecidas, atrav\u00e9s de an\u00e1lise por compara\u00e7\u00e3o com parentes.<\/p>\n\n\n\n<p>\u00c9 \u00fatil, tamb\u00e9m, na identifica\u00e7\u00e3o de materiais muito antigos ou em avan\u00e7ado grau de decomposi\u00e7\u00e3o. A an\u00e1lise do mtDNA tem ajudado a solucionar diversos casos na gen\u00e9tica forense, sendo utilizada com sucesso por laborat\u00f3rios dos EUA e Europa.<\/p>\n\n\n\n<p>A Genomic oferece esse servi\u00e7o inovador no Brasil para a comunidade cient\u00edfica, justi\u00e7a, pol\u00edcia e ex\u00e9rcito.<\/p>\n\n\n\n<p>\u00a0Para\u00a0maiores informa\u00e7\u00f5es e valores\u00a0entre em\u00a0<a href=\"https:\/\/genomic.com.br\/portal\/contato\/\">contato<\/a>\u00a0com a Genomic.<\/p>\n","protected":false},"excerpt":{"rendered":"<p>Normalmente, a identifica\u00e7\u00e3o gen\u00e9tica \u00e9 realizada pela an\u00e1lise do DNA nuclear. Por\u00e9m, um outro tipo de DNA pode ser analisado (o DNA mitocondrial &#8211; mtDNA). O mtDNA apresenta um padr\u00e3o de heran\u00e7a materna, ou seja, a sequ\u00eancia \u00e9 id\u00eantica para todos os familiares por parte de m\u00e3e (heran\u00e7a matrilinear). Pode ser usado para identificar pessoas &#8230; <a title=\"DNA Mitocondrial\" class=\"read-more\" href=\"https:\/\/genomic.com.br\/portal\/dna-mitocondrial\/\" aria-label=\"More on DNA Mitocondrial\">Ler mais<\/a><\/p>\n","protected":false},"author":2,"featured_media":0,"parent":0,"menu_order":0,"comment_status":"closed","ping_status":"closed","template":"","meta":{"footnotes":""},"class_list":["post-2835","page","type-page","status-publish"],"_links":{"self":[{"href":"https:\/\/genomic.com.br\/portal\/wp-json\/wp\/v2\/pages\/2835","targetHints":{"allow":["GET"]}}],"collection":[{"href":"https:\/\/genomic.com.br\/portal\/wp-json\/wp\/v2\/pages"}],"about":[{"href":"https:\/\/genomic.com.br\/portal\/wp-json\/wp\/v2\/types\/page"}],"author":[{"embeddable":true,"href":"https:\/\/genomic.com.br\/portal\/wp-json\/wp\/v2\/users\/2"}],"replies":[{"embeddable":true,"href":"https:\/\/genomic.com.br\/portal\/wp-json\/wp\/v2\/comments?post=2835"}],"version-history":[{"count":2,"href":"https:\/\/genomic.com.br\/portal\/wp-json\/wp\/v2\/pages\/2835\/revisions"}],"predecessor-version":[{"id":4364,"href":"https:\/\/genomic.com.br\/portal\/wp-json\/wp\/v2\/pages\/2835\/revisions\/4364"}],"wp:attachment":[{"href":"https:\/\/genomic.com.br\/portal\/wp-json\/wp\/v2\/media?parent=2835"}],"curies":[{"name":"wp","href":"https:\/\/api.w.org\/{rel}","templated":true}]}}