{"id":2806,"date":"2016-02-25T19:06:27","date_gmt":"2016-02-25T22:06:27","guid":{"rendered":"http:\/\/genomic.com.br\/portal\/?page_id=2806"},"modified":"2020-10-19T10:51:39","modified_gmt":"2020-10-19T13:51:39","slug":"cancer-de-mama","status":"publish","type":"page","link":"https:\/\/genomic.com.br\/portal\/cancer-de-mama\/","title":{"rendered":"C\u00e2ncer de Mama e Ov\u00e1rio"},"content":{"rendered":"\n<p><br>O c\u00e2ncer mais comum entre as mulheres de ra\u00e7a branca \u00e9 o de mama, sendo respons\u00e1vel por 10% dos casos de c\u00e2ncer no mundo. N\u00e3o tem uma causa \u00fanica. In\u00fameros fatores est\u00e3o bem estabelecidos com aumento do risco de desenvolver a doen\u00e7a: idade, fatores end\u00f3crinos \/ hist\u00f3ria reprodutiva, n\u00edvel de atividade f\u00edsica, consumo de \u00e1lcool, exposi\u00e7\u00e3o \u00e0 radia\u00e7\u00e3o ionizante, alta densidade do tecido mam\u00e1rio, e fatores gen\u00e9ticos \/ heredit\u00e1rios.<\/p>\n\n\n\n<p>Geralmente a primeira manifesta\u00e7\u00e3o cl\u00ednica \u00e9 um n\u00f3dulo duro e indolor. A mulher pode perceber que tem um tumor ao se tocar, observar retra\u00e7\u00e3o do mamilo ou, mais raramente, secre\u00e7\u00e3o de sangue. Muitas vezes o diagn\u00f3stico s\u00f3 \u00e9 revelado na mamografia.<\/p>\n\n\n\n<p>A detec\u00e7\u00e3o precoce \u00e9 crucial no sucesso do tratamento, da\u00ed a recomenda\u00e7\u00e3o de realizar o autoexame, pesquisas cl\u00ednicas e exames complementares.<\/p>\n\n\n\n<div class=\"wp-block-buttons is-layout-flex wp-block-buttons-is-layout-flex\">\n<div class=\"wp-block-button\"><a class=\"wp-block-button__link\" href=\"https:\/\/genomic.com.br\/portal\/estudo-das-tres-mutacoes-para-cancer-de-mama-hereditario-brca-1-brca-2\">Estudo das Tr\u00eas Muta\u00e7\u00f5es para C\u00e2ncer de Mama Heredit\u00e1rio &#8211; <em>BRCA 1 \/ BRCA 2<\/em><\/a><\/div>\n<\/div>\n\n\n\n<div class=\"wp-block-buttons is-layout-flex wp-block-buttons-is-layout-flex\">\n<div class=\"wp-block-button\"><a class=\"wp-block-button__link\" href=\"https:\/\/genomic.com.br\/portal\/painel-cancer-de-mama-e-ovario-ampliado-21-genes\/\">Painel C\u00e2ncer de Mama e Ov\u00e1rio Ampliado \u2013 21 genes<\/a><\/div>\n<\/div>\n","protected":false},"excerpt":{"rendered":"<p>O c\u00e2ncer mais comum entre as mulheres de ra\u00e7a branca \u00e9 o de mama, sendo respons\u00e1vel por 10% dos casos de c\u00e2ncer no mundo. N\u00e3o tem uma causa \u00fanica. In\u00fameros fatores est\u00e3o bem estabelecidos com aumento do risco de desenvolver a doen\u00e7a: idade, fatores end\u00f3crinos \/ hist\u00f3ria reprodutiva, n\u00edvel de atividade f\u00edsica, consumo de \u00e1lcool, &#8230; <a title=\"C\u00e2ncer de Mama e Ov\u00e1rio\" class=\"read-more\" href=\"https:\/\/genomic.com.br\/portal\/cancer-de-mama\/\" aria-label=\"More on C\u00e2ncer de Mama e Ov\u00e1rio\">Ler mais<\/a><\/p>\n","protected":false},"author":2,"featured_media":0,"parent":0,"menu_order":0,"comment_status":"closed","ping_status":"closed","template":"","meta":{"footnotes":""},"class_list":["post-2806","page","type-page","status-publish"],"_links":{"self":[{"href":"https:\/\/genomic.com.br\/portal\/wp-json\/wp\/v2\/pages\/2806","targetHints":{"allow":["GET"]}}],"collection":[{"href":"https:\/\/genomic.com.br\/portal\/wp-json\/wp\/v2\/pages"}],"about":[{"href":"https:\/\/genomic.com.br\/portal\/wp-json\/wp\/v2\/types\/page"}],"author":[{"embeddable":true,"href":"https:\/\/genomic.com.br\/portal\/wp-json\/wp\/v2\/users\/2"}],"replies":[{"embeddable":true,"href":"https:\/\/genomic.com.br\/portal\/wp-json\/wp\/v2\/comments?post=2806"}],"version-history":[{"count":21,"href":"https:\/\/genomic.com.br\/portal\/wp-json\/wp\/v2\/pages\/2806\/revisions"}],"predecessor-version":[{"id":4361,"href":"https:\/\/genomic.com.br\/portal\/wp-json\/wp\/v2\/pages\/2806\/revisions\/4361"}],"wp:attachment":[{"href":"https:\/\/genomic.com.br\/portal\/wp-json\/wp\/v2\/media?parent=2806"}],"curies":[{"name":"wp","href":"https:\/\/api.w.org\/{rel}","templated":true}]}}